CRAN Package Check Results for Package crul

Last updated on 2020-01-27 07:54:56 CET.

Flavor Version Tinstall Tcheck Ttotal Status Flags
r-devel-linux-x86_64-debian-clang 0.9.0 7.67 39.83 47.50 OK
r-devel-linux-x86_64-debian-gcc 0.9.0 7.16 31.76 38.92 OK
r-devel-linux-x86_64-fedora-clang 0.9.0 60.58 OK
r-devel-linux-x86_64-fedora-gcc 0.9.0 59.39 OK
r-devel-windows-ix86+x86_64 0.9.0 18.00 74.00 92.00 OK
r-devel-windows-ix86+x86_64-gcc8 0.9.0 21.00 72.00 93.00 OK
r-patched-linux-x86_64 0.9.0 6.09 36.83 42.92 OK
r-patched-solaris-x86 0.9.0 72.70 OK
r-release-linux-x86_64 0.9.0 7.25 36.87 44.12 OK
r-release-windows-ix86+x86_64 0.9.0 11.00 51.00 62.00 OK
r-release-osx-x86_64 0.9.0 OK
r-oldrel-windows-ix86+x86_64 0.9.0 9.00 46.00 55.00 ERROR
r-oldrel-osx-x86_64 0.9.0 OK

Check Details

Version: 0.9.0
Check: tests
Result: ERROR
     Running 'test-all.R' [14s]
    Running the tests in 'tests/test-all.R' failed.
    Complete output:
     > library("testthat")
     > test_check("crul")
     Loading required package: crul
     Error in curl::curl_fetch_memory(urls[i], handle = h) :
     Timeout was reached: [httpbin.org] Operation timed out after 10007 milliseconds with 0 bytes received
     Calls: test_check ... source_dir -> lapply -> FUN -> eval -> eval -> <Anonymous>
     Execution halted
Flavor: r-oldrel-windows-ix86+x86_64