CRAN Package Check Results for Package ctsem

Last updated on 2020-01-27 07:54:56 CET.

Flavor Version Tinstall Tcheck Ttotal Status Flags
r-devel-linux-x86_64-debian-clang 3.0.9 605.11 3.92 609.03 ERROR --no-vignettes
r-devel-linux-x86_64-debian-gcc 3.0.9 806.16 239.81 1045.97 NOTE --no-vignettes
r-devel-linux-x86_64-fedora-clang 3.0.9 2045.01 NOTE
r-devel-linux-x86_64-fedora-gcc 3.0.9 1405.88 NOTE
r-devel-windows-ix86+x86_64 3.0.9 668.00 694.00 1362.00 NOTE --no-vignettes
r-devel-windows-ix86+x86_64-gcc8 3.0.9 135.00 8.00 143.00 ERROR --no-vignettes
r-patched-linux-x86_64 3.0.9 0.01 3.71 3.72 ERROR --no-vignettes
r-patched-solaris-x86 3.0.9 10.80 ERROR
r-release-linux-x86_64 3.0.9 826.71 281.18 1107.89 NOTE --no-vignettes
r-release-windows-ix86+x86_64 3.0.9 433.00 789.00 1222.00 NOTE --no-vignettes
r-release-osx-x86_64 3.0.9 NOTE
r-oldrel-windows-ix86+x86_64 3.0.9 360.00 568.00 928.00 NOTE --no-vignettes
r-oldrel-osx-x86_64 3.0.9 NOTE

Check Details

Version: 3.0.9
Flags: --no-vignettes
Check: whether package can be installed
Result: ERROR
    Installation failed.
Flavors: r-devel-linux-x86_64-debian-clang, r-devel-windows-ix86+x86_64-gcc8, r-patched-linux-x86_64

Version: 3.0.9
Flags: --no-vignettes
Check: for GNU extensions in Makefiles
Result: NOTE
    GNU make is a SystemRequirements.
Flavors: r-devel-linux-x86_64-debian-gcc, r-devel-windows-ix86+x86_64, r-release-linux-x86_64, r-release-windows-ix86+x86_64, r-oldrel-windows-ix86+x86_64

Version: 3.0.9
Check: installed package size
Result: NOTE
     installed size is 126.5Mb
     sub-directories of 1Mb or more:
     R 1.1Mb
     data 1.7Mb
     libs 122.5Mb
Flavors: r-devel-linux-x86_64-fedora-clang, r-release-osx-x86_64, r-oldrel-osx-x86_64

Version: 3.0.9
Check: dependencies in R code
Result: NOTE
    Namespace in Imports field not imported from: ‘pkgbuild’
     All declared Imports should be used.
Flavors: r-devel-linux-x86_64-fedora-clang, r-devel-linux-x86_64-fedora-gcc, r-release-osx-x86_64, r-oldrel-osx-x86_64

Version: 3.0.9
Check: for GNU extensions in Makefiles
Result: NOTE
    GNU make is a SystemRequirements.
Flavors: r-devel-linux-x86_64-fedora-clang, r-devel-linux-x86_64-fedora-gcc, r-release-osx-x86_64, r-oldrel-osx-x86_64

Version: 3.0.9
Flags: --no-vignettes
Check: installed package size
Result: NOTE
     installed size is 8.6Mb
     sub-directories of 1Mb or more:
     R 1.1Mb
     data 1.7Mb
     libs 4.6Mb
Flavors: r-devel-windows-ix86+x86_64, r-release-windows-ix86+x86_64, r-oldrel-windows-ix86+x86_64

Version: 3.0.9
Check: whether package can be installed
Result: ERROR
    Installation failed.
Flavor: r-patched-solaris-x86