CRAN Package Check Results for Package curl

Last updated on 2019-12-08 07:58:42 CET.

Flavor Version Tinstall Tcheck Ttotal Status Flags
r-devel-linux-x86_64-debian-clang 4.3 7.49 36.22 43.71 NOTE
r-devel-linux-x86_64-debian-gcc 4.3 4.67 29.14 33.81 NOTE
r-devel-linux-x86_64-fedora-clang 4.3 53.71 NOTE
r-devel-linux-x86_64-fedora-gcc 4.3 49.51 NOTE
r-devel-windows-ix86+x86_64 4.3 97.00 257.00 354.00 NOTE
r-devel-windows-ix86+x86_64-gcc8 4.2 83.00 214.00 297.00 NOTE
r-patched-linux-x86_64 4.3 5.35 34.34 39.69 NOTE
r-patched-solaris-x86 4.3 67.20 NOTE
r-release-linux-x86_64 4.3 4.92 34.61 39.53 NOTE
r-release-windows-ix86+x86_64 4.3 110.00 270.00 380.00 NOTE
r-release-osx-x86_64 4.3 NOTE
r-oldrel-windows-ix86+x86_64 4.3 78.00 262.00 340.00 NOTE
r-oldrel-osx-x86_64 4.3 NOTE

Check Details

Version: 4.3
Check: compiled code
Result: NOTE
    File 'curl/libs/curl.so':
     Found non-API call to R: 'R_new_custom_connection'
    
    Compiled code should not call non-API entry points in R.
    
    See 'Writing portable packages' in the 'Writing R Extensions' manual.
Flavors: r-devel-linux-x86_64-debian-clang, r-devel-linux-x86_64-debian-gcc, r-devel-linux-x86_64-fedora-clang, r-devel-linux-x86_64-fedora-gcc, r-patched-linux-x86_64, r-patched-solaris-x86, r-release-linux-x86_64, r-release-osx-x86_64, r-oldrel-osx-x86_64

Version: 4.3
Check: installed package size
Result: NOTE
     installed size is 9.0Mb
     sub-directories of 1Mb or more:
     doc 1.7Mb
     libs 7.1Mb
Flavors: r-devel-windows-ix86+x86_64, r-release-windows-ix86+x86_64, r-oldrel-windows-ix86+x86_64

Version: 4.3
Check: compiled code
Result: NOTE
    File 'curl/libs/i386/curl.dll':
     Found non-API call to R: 'R_new_custom_connection'
    File 'curl/libs/x64/curl.dll':
     Found non-API call to R: 'R_new_custom_connection'
    
    Compiled code should not call non-API entry points in R.
    
    See 'Writing portable packages' in the 'Writing R Extensions' manual.
Flavors: r-devel-windows-ix86+x86_64, r-release-windows-ix86+x86_64, r-oldrel-windows-ix86+x86_64

Version: 4.2
Check: installed package size
Result: NOTE
     installed size is 9.0Mb
     sub-directories of 1Mb or more:
     doc 1.7Mb
     libs 7.1Mb
Flavor: r-devel-windows-ix86+x86_64-gcc8

Version: 4.2
Check: compiled code
Result: NOTE
    File 'curl/libs/i386/curl.dll':
     Found non-API call to R: 'R_new_custom_connection'
    File 'curl/libs/x64/curl.dll':
     Found non-API call to R: 'R_new_custom_connection'
    
    Compiled code should not call non-API entry points in R.
    
    See 'Writing portable packages' in the 'Writing R Extensions' manual.
Flavor: r-devel-windows-ix86+x86_64-gcc8