CRAN Package Check Results for Package detectRUNS

Last updated on 2020-01-22 07:57:02 CET.

Flavor Version Tinstall Tcheck Ttotal Status Flags
r-devel-linux-x86_64-debian-clang 0.9.6 29.05 79.33 108.38 OK
r-devel-linux-x86_64-debian-gcc 0.9.6 22.63 61.25 83.88 OK
r-devel-linux-x86_64-fedora-clang 0.9.6 138.28 NOTE
r-devel-linux-x86_64-fedora-gcc 0.9.6 132.79 OK
r-devel-windows-ix86+x86_64 0.9.6 82.00 185.00 267.00 OK
r-devel-windows-ix86+x86_64-gcc8 0.9.6 90.00 163.00 253.00 NOTE
r-patched-linux-x86_64 0.9.6 23.05 72.72 95.77 OK
r-patched-solaris-x86 0.9.6 156.20 OK
r-release-linux-x86_64 0.9.6 23.26 72.86 96.12 OK
r-release-windows-ix86+x86_64 0.9.6 65.00 132.00 197.00 OK
r-release-osx-x86_64 0.9.6 NOTE
r-oldrel-windows-ix86+x86_64 0.9.6 50.00 129.00 179.00 OK
r-oldrel-osx-x86_64 0.9.6 NOTE

Check Details

Version: 0.9.6
Check: installed package size
Result: NOTE
     installed size is 5.2Mb
     sub-directories of 1Mb or more:
     extdata 2.1Mb
     libs 2.2Mb
Flavors: r-devel-linux-x86_64-fedora-clang, r-devel-windows-ix86+x86_64-gcc8, r-release-osx-x86_64, r-oldrel-osx-x86_64