CRAN Package Check Results for Package devtools

Last updated on 2020-01-24 07:55:50 CET.

Flavor Version Tinstall Tcheck Ttotal Status Flags
r-devel-linux-x86_64-debian-clang 2.2.1 10.45 160.01 170.46 OK
r-devel-linux-x86_64-debian-gcc 2.2.1 8.62 122.49 131.11 OK
r-devel-linux-x86_64-fedora-clang 2.2.1 212.32 NOTE
r-devel-linux-x86_64-fedora-gcc 2.2.1 199.49 OK
r-devel-windows-ix86+x86_64 2.2.1 43.00 262.00 305.00 OK
r-devel-windows-ix86+x86_64-gcc8 2.2.1 39.00 221.00 260.00 OK
r-patched-linux-x86_64 2.2.1 9.12 142.15 151.27 OK
r-patched-solaris-x86 2.2.1 192.60 OK
r-release-linux-x86_64 2.2.1 7.97 141.47 149.44 OK
r-release-windows-ix86+x86_64 2.2.1 17.00 155.00 172.00 OK
r-release-osx-x86_64 2.2.1 OK
r-oldrel-windows-ix86+x86_64 2.2.1 13.00 140.00 153.00 OK
r-oldrel-osx-x86_64 2.2.1 OK

Check Details

Version: 2.2.1
Check: package dependencies
Result: NOTE
    Imports includes 24 non-default packages.
    Importing from so many packages makes the package vulnerable to any of
    them becoming unavailable. Move as many as possible to Suggests and
    use conditionally.
Flavor: r-devel-linux-x86_64-fedora-clang