CRAN Package Check Results for Package dextergui

Last updated on 2020-02-26 07:51:38 CET.

Flavor Version Tinstall Tcheck Ttotal Status Flags
r-devel-linux-x86_64-debian-clang 0.2.2 14.43 86.17 100.60 OK
r-devel-linux-x86_64-debian-gcc 0.2.2 12.84 64.50 77.34 OK
r-devel-linux-x86_64-fedora-clang 0.2.2 121.64 NOTE
r-devel-linux-x86_64-fedora-gcc 0.2.2 115.79 OK
r-devel-windows-ix86+x86_64 0.2.1 33.00 98.00 131.00 OK
r-devel-windows-ix86+x86_64-gcc8 0.2.2 34.00 105.00 139.00 OK
r-patched-linux-x86_64 0.2.2 12.27 73.20 85.47 OK
r-patched-solaris-x86 0.2.2 155.10 OK
r-release-linux-x86_64 0.2.2 14.56 73.61 88.17 OK
r-release-windows-ix86+x86_64 0.2.2 24.00 88.00 112.00 OK
r-release-osx-x86_64 0.2.2 OK
r-oldrel-windows-ix86+x86_64 0.2.2 17.00 94.00 111.00 OK
r-oldrel-osx-x86_64 0.2.2 OK

Check Details

Version: 0.2.2
Check: package dependencies
Result: NOTE
    Imports includes 22 non-default packages.
    Importing from so many packages makes the package vulnerable to any of
    them becoming unavailable. Move as many as possible to Suggests and
    use conditionally.
Flavor: r-devel-linux-x86_64-fedora-clang