CRAN Package Check Results for Package dfmta

Last updated on 2020-01-18 07:59:44 CET.

Flavor Version Tinstall Tcheck Ttotal Status Flags
r-devel-linux-x86_64-debian-clang 1.7-0 25.13 23.84 48.97 WARN
r-devel-linux-x86_64-debian-gcc 1.7-0 18.22 18.33 36.55 WARN
r-devel-linux-x86_64-fedora-clang 1.7-0 65.59 WARN
r-devel-linux-x86_64-fedora-gcc 1.7-0 63.10 WARN
r-devel-windows-ix86+x86_64 1.7-0 61.00 48.00 109.00 OK
r-devel-windows-ix86+x86_64-gcc8 1.7-0 45.00 84.00 129.00 OK
r-patched-linux-x86_64 1.7-0 20.31 21.70 42.01 OK
r-patched-solaris-x86 1.7-0 64.60 OK
r-release-linux-x86_64 1.7-0 18.67 21.80 40.47 OK
r-release-windows-ix86+x86_64 1.7-0 53.00 73.00 126.00 OK
r-release-osx-x86_64 1.7-0 OK
r-oldrel-windows-ix86+x86_64 1.7-0 59.00 48.00 107.00 OK
r-oldrel-osx-x86_64 1.7-0 OK

Check Details

Version: 1.7-0
Check: whether package can be installed
Result: WARN
    Found the following significant warnings:
     'config' variable 'CXXCPP' is deprecated
Flavors: r-devel-linux-x86_64-debian-clang, r-devel-linux-x86_64-debian-gcc, r-devel-linux-x86_64-fedora-clang, r-devel-linux-x86_64-fedora-gcc