CRAN Package Check Results for Package difconet

Last updated on 2020-01-27 07:54:57 CET.

Flavor Version Tinstall Tcheck Ttotal Status Flags
r-devel-linux-x86_64-debian-clang 1.0-4 3.56 44.29 47.85 OK
r-devel-linux-x86_64-debian-gcc 1.0-4 2.61 36.52 39.13 OK
r-devel-linux-x86_64-fedora-clang 1.0-4 58.02 WARN
r-devel-linux-x86_64-fedora-gcc 1.0-4 57.16 OK
r-devel-windows-ix86+x86_64 1.0-4 17.00 77.00 94.00 OK
r-devel-windows-ix86+x86_64-gcc8 1.0-4 9.00 58.00 67.00 OK
r-patched-linux-x86_64 1.0-4 3.22 40.86 44.08 OK
r-patched-solaris-x86 1.0-4 99.40 OK
r-release-linux-x86_64 1.0-4 3.34 41.32 44.66 OK
r-release-windows-ix86+x86_64 1.0-4 7.00 53.00 60.00 OK
r-release-osx-x86_64 1.0-4 OK
r-oldrel-windows-ix86+x86_64 1.0-4 3.00 50.00 53.00 OK
r-oldrel-osx-x86_64 1.0-4 OK

Check Details

Version: 1.0-4
Check: package dependencies
Result: WARN
    Requires orphaned package: ‘gplots’
Flavor: r-devel-linux-x86_64-fedora-clang