CRAN Package Check Results for Package distrEx

Last updated on 2015-03-29 15:47:37.

Flavor Version Tinstall Tcheck Ttotal Status Flags
r-devel-linux-x86_64-debian-clang 2.5 11.98 41.43 53.41 NOTE
r-devel-linux-x86_64-debian-gcc 2.5 11.22 42.75 53.97 NOTE
r-devel-linux-x86_64-fedora-clang 2.5 108.19 NOTE
r-devel-linux-x86_64-fedora-gcc 2.5 110.36 NOTE
r-devel-osx-x86_64-clang 2.5 102.88 NOTE
r-prerel-windows-ix86+x86_64 2.5 32.00 80.00 112.00 NOTE
r-prerel-linux-x86_64 2.5 11.40 40.56 51.96 NOTE
r-prerel-solaris-sparc 2.5 662.70 NOTE
r-prerel-solaris-x86 2.5 132.50 NOTE
r-release-linux-x86_64 2.5 14.02 51.04 65.06 NOTE
r-release-osx-x86_64-mavericks 2.5 NOTE
r-release-windows-ix86+x86_64 2.5 26.00 100.00 126.00 NOTE
r-oldrel-windows-ix86+x86_64 2.5 25.00 101.00 126.00 OK

Check Details

Version: 2.5
Check: DESCRIPTION meta-information
Result: NOTE
    Malformed Description field: should contain one or more complete sentences.
Flavors: r-devel-linux-x86_64-debian-clang, r-devel-linux-x86_64-debian-gcc, r-devel-linux-x86_64-fedora-clang, r-devel-linux-x86_64-fedora-gcc, r-devel-osx-x86_64-clang, r-prerel-windows-ix86+x86_64, r-prerel-linux-x86_64, r-prerel-solaris-sparc, r-prerel-solaris-x86

Version: 2.5
Check: R code for possible problems
Result: NOTE
    .onAttach: no visible global function definition for
     ‘buildStartupMessage’
    distrExMASK: no visible global function definition for ‘infoShow’
    distrExMOVED: no visible global function definition for ‘infoShow’
Flavors: r-devel-linux-x86_64-debian-clang, r-devel-linux-x86_64-debian-gcc, r-devel-linux-x86_64-fedora-clang, r-devel-linux-x86_64-fedora-gcc, r-devel-osx-x86_64-clang, r-prerel-windows-ix86+x86_64, r-prerel-linux-x86_64, r-prerel-solaris-sparc, r-prerel-solaris-x86, r-release-linux-x86_64, r-release-osx-x86_64-mavericks, r-release-windows-ix86+x86_64