CRAN Package Check Results for Package distrEx

Last updated on 2015-02-28 12:51:09.

Flavor Version Tinstall Tcheck Ttotal Status Flags
r-devel-linux-x86_64-debian-clang 2.5 13.42 41.69 55.11 NOTE
r-devel-linux-x86_64-debian-gcc 2.5 11.52 40.24 51.76 NOTE
r-devel-linux-x86_64-fedora-clang 2.5 111.27 NOTE
r-devel-linux-x86_64-fedora-gcc 2.5 108.63 NOTE
r-devel-osx-x86_64-clang 2.5 93.67 NOTE
r-devel-windows-ix86+x86_64 2.5 34.00 82.00 116.00 NOTE
r-patched-linux-x86_64 2.5 14.53 50.36 64.89 NOTE
r-patched-solaris-sparc 2.5 791.80 NOTE
r-patched-solaris-x86 2.5 166.80 NOTE
r-release-linux-ix86 2.5 16.08 65.29 81.36 NOTE
r-release-linux-x86_64 2.5 14.30 49.33 63.63 NOTE
r-release-osx-x86_64-mavericks 2.5 NOTE
r-release-windows-ix86+x86_64 2.5 25.00 104.00 129.00 NOTE
r-oldrel-windows-ix86+x86_64 2.5 26.00 105.00 131.00 OK

Check Details

Version: 2.5
Check: DESCRIPTION meta-information
Result: NOTE
    Malformed Description field: should contain one or more complete sentences.
Flavors: r-devel-linux-x86_64-debian-clang, r-devel-linux-x86_64-debian-gcc, r-devel-linux-x86_64-fedora-clang, r-devel-linux-x86_64-fedora-gcc, r-devel-osx-x86_64-clang, r-devel-windows-ix86+x86_64

Version: 2.5
Check: R code for possible problems
Result: NOTE
    .onAttach: no visible global function definition for
     ‘buildStartupMessage’
    distrExMASK: no visible global function definition for ‘infoShow’
    distrExMOVED: no visible global function definition for ‘infoShow’
Flavors: r-devel-linux-x86_64-debian-clang, r-devel-linux-x86_64-debian-gcc, r-devel-linux-x86_64-fedora-clang, r-devel-linux-x86_64-fedora-gcc, r-devel-osx-x86_64-clang, r-devel-windows-ix86+x86_64, r-patched-linux-x86_64, r-patched-solaris-sparc, r-patched-solaris-x86, r-release-linux-ix86, r-release-linux-x86_64, r-release-osx-x86_64-mavericks, r-release-windows-ix86+x86_64