CRAN Package Check Results for Package distrEx

Last updated on 2014-11-24 09:48:11.

Flavor Version Tinstall Tcheck Ttotal Status Flags
r-devel-linux-x86_64-debian-clang 2.5 12.82 47.98 60.80 NOTE
r-devel-linux-x86_64-debian-gcc 2.5 12.82 45.98 58.80 NOTE
r-devel-linux-x86_64-fedora-clang 2.5 134.90 NOTE
r-devel-linux-x86_64-fedora-gcc 2.5 128.74 NOTE
r-devel-osx-x86_64-clang 2.5 112.73 NOTE
r-devel-windows-ix86+x86_64 2.5 23.00 86.00 109.00 NOTE
r-patched-linux-x86_64 2.5 14.26 49.15 63.41 NOTE
r-patched-solaris-sparc 2.5 790.10 NOTE
r-patched-solaris-x86 2.5 166.30 NOTE
r-release-linux-ix86 2.5 16.39 60.92 77.31 NOTE
r-release-linux-x86_64 2.5 14.12 51.05 65.18 NOTE
r-release-osx-x86_64-mavericks 2.5 OK
r-release-windows-ix86+x86_64 2.5 33.00 94.00 127.00 NOTE
r-oldrel-windows-ix86+x86_64 2.5 28.00 95.00 123.00 OK

Check Details

Version: 2.5
Check: R code for possible problems
Result: NOTE
    .onAttach: no visible global function definition for
     ‘buildStartupMessage’
    distrExMASK: no visible global function definition for ‘infoShow’
    distrExMOVED: no visible global function definition for ‘infoShow’
Flavors: r-devel-linux-x86_64-debian-clang, r-devel-linux-x86_64-debian-gcc, r-devel-linux-x86_64-fedora-clang, r-devel-linux-x86_64-fedora-gcc, r-devel-osx-x86_64-clang, r-devel-windows-ix86+x86_64, r-patched-linux-x86_64, r-patched-solaris-sparc, r-patched-solaris-x86, r-release-linux-ix86, r-release-linux-x86_64, r-release-windows-ix86+x86_64