CRAN Package Check Results for Package distrEx

Last updated on 2017-01-16 06:47:28.

Flavor Version Tinstall Tcheck Ttotal Status Flags
r-devel-linux-x86_64-debian-clang 2.6 13.24 49.15 62.39 OK
r-devel-linux-x86_64-debian-gcc 2.6 13.18 48.17 61.34 OK
r-devel-linux-x86_64-fedora-clang 2.6 120.38 OK --no-stop-on-test-error
r-devel-linux-x86_64-fedora-gcc 2.6 114.43 NOTE --no-stop-on-test-error
r-devel-macos-x86_64-clang 2.6 92.01 OK --no-stop-on-test-error
r-devel-windows-ix86+x86_64 2.6 41.00 113.00 154.00 OK
r-patched-linux-x86_64 2.6 11.63 44.99 56.62 OK
r-patched-solaris-sparc 2.6 695.50 OK
r-patched-solaris-x86 2.6 129.00 OK
r-release-linux-x86_64 2.6 12.29 45.99 58.29 OK
r-release-osx-x86_64-mavericks 2.6 OK
r-release-windows-ix86+x86_64 2.6 38.00 107.00 145.00 OK
r-oldrel-windows-ix86+x86_64 2.6 25.00 108.00 133.00 OK

Check Details

Version: 2.6
Flags: --no-stop-on-test-error
Check: compiled code
Result: NOTE
    File ‘distrEx/libs/distrEx.so’:
     Found no calls to: ‘R_registerRoutines’, ‘R_useDynamicSymbols’
    
    It is good practice to use registered native symbols and disable symbol
    search.
    
    See ‘Writing portable packages’ in the ‘Writing R Extensions’ manual.
Flavor: r-devel-linux-x86_64-fedora-gcc