CRAN Package Check Results for Package distrEx

Last updated on 2017-03-27 06:48:04.

Flavor Version Tinstall Tcheck Ttotal Status Flags
r-devel-linux-x86_64-debian-clang 2.6 13.81 48.94 62.75 NOTE
r-devel-linux-x86_64-debian-gcc 2.6 12.89 48.04 60.92 NOTE
r-devel-linux-x86_64-fedora-clang 2.6 135.34 NOTE --no-stop-on-test-error
r-devel-linux-x86_64-fedora-gcc 2.6 119.30 NOTE --no-stop-on-test-error
r-devel-macos-x86_64-clang 2.6 91.63 NOTE --no-stop-on-test-error
r-devel-windows-ix86+x86_64 2.6 30.00 143.00 173.00 OK
r-patched-linux-x86_64 2.6 13.11 48.38 61.50 NOTE
r-patched-solaris-sparc 2.6 725.50 OK
r-patched-solaris-x86 2.6 146.90 OK
r-release-linux-x86_64 2.6 12.79 45.37 58.16 OK
r-release-osx-x86_64-mavericks 2.6 OK
r-release-windows-ix86+x86_64 2.6 35.00 102.00 137.00 OK
r-oldrel-windows-ix86+x86_64 2.6 24.00 104.00 128.00 OK

Check Details

Version: 2.6
Check: compiled code
Result: NOTE
    File ‘distrEx/libs/distrEx.so’:
     Found no calls to: ‘R_registerRoutines’, ‘R_useDynamicSymbols’
    
    It is good practice to register native routines and to disable symbol
    search.
    
    See ‘Writing portable packages’ in the ‘Writing R Extensions’ manual.
Flavors: r-devel-linux-x86_64-debian-clang, r-devel-linux-x86_64-debian-gcc, r-patched-linux-x86_64

Version: 2.6
Flags: --no-stop-on-test-error
Check: compiled code
Result: NOTE
    File ‘distrEx/libs/distrEx.so’:
     Found no calls to: ‘R_registerRoutines’, ‘R_useDynamicSymbols’
    
    It is good practice to register native routines and to disable symbol
    search.
    
    See ‘Writing portable packages’ in the ‘Writing R Extensions’ manual.
Flavors: r-devel-linux-x86_64-fedora-clang, r-devel-linux-x86_64-fedora-gcc, r-devel-macos-x86_64-clang