CRAN Package Check Results for Package distrEx

Last updated on 2014-12-19 20:48:13.

Flavor Version Tinstall Tcheck Ttotal Status Flags
r-devel-linux-x86_64-debian-clang 2.5 16.54 47.64 64.18 NOTE
r-devel-linux-x86_64-debian-gcc 2.5 12.42 46.12 58.54 NOTE
r-devel-linux-x86_64-fedora-clang 2.5 139.48 NOTE
r-devel-linux-x86_64-fedora-gcc 2.5 126.54 NOTE
r-devel-osx-x86_64-clang 2.5 110.61 NOTE
r-devel-windows-ix86+x86_64 2.5 26.00 93.00 119.00 NOTE
r-patched-linux-x86_64 2.5 15.70 48.41 64.11 NOTE
r-patched-solaris-sparc 2.5 790.10 NOTE
r-patched-solaris-x86 2.5 166.70 NOTE
r-release-linux-ix86 2.5 16.02 61.49 77.51 NOTE
r-release-linux-x86_64 2.5 14.15 50.07 64.22 NOTE
r-release-osx-x86_64-mavericks 2.5 OK
r-release-windows-ix86+x86_64 2.5 27.00 96.00 123.00 NOTE
r-oldrel-windows-ix86+x86_64 2.5 26.00 96.00 122.00 OK

Check Details

Version: 2.5
Check: R code for possible problems
Result: NOTE
    .onAttach: no visible global function definition for
     ‘buildStartupMessage’
    distrExMASK: no visible global function definition for ‘infoShow’
    distrExMOVED: no visible global function definition for ‘infoShow’
Flavors: r-devel-linux-x86_64-debian-clang, r-devel-linux-x86_64-debian-gcc, r-devel-linux-x86_64-fedora-clang, r-devel-linux-x86_64-fedora-gcc, r-devel-osx-x86_64-clang, r-devel-windows-ix86+x86_64, r-patched-linux-x86_64, r-patched-solaris-sparc, r-patched-solaris-x86, r-release-linux-ix86, r-release-linux-x86_64, r-release-windows-ix86+x86_64