CRAN Package Check Results for Package distrEx

Last updated on 2017-02-23 09:52:48.

Flavor Version Tinstall Tcheck Ttotal Status Flags
r-devel-linux-x86_64-debian-clang 2.6 13.17 48.02 61.19 NOTE
r-devel-linux-x86_64-debian-gcc 2.6 13.58 47.75 61.33 NOTE
r-devel-linux-x86_64-fedora-clang 2.6 133.60 NOTE --no-stop-on-test-error
r-devel-linux-x86_64-fedora-gcc 2.6 116.09 NOTE --no-stop-on-test-error
r-devel-macos-x86_64-clang 2.6 92.62 NOTE --no-stop-on-test-error
r-devel-windows-ix86+x86_64 2.6 38.00 213.00 251.00 OK
r-patched-linux-x86_64 2.6 12.18 45.13 57.31 OK
r-patched-solaris-sparc 2.6 695.50 OK
r-patched-solaris-x86 2.6 130.60 OK
r-release-linux-x86_64 2.6 12.34 44.63 56.97 OK
r-release-osx-x86_64-mavericks 2.6 OK
r-release-windows-ix86+x86_64 2.6 35.00 177.00 212.00 OK
r-oldrel-windows-ix86+x86_64 2.6 37.00 143.00 180.00 OK

Check Details

Version: 2.6
Check: compiled code
Result: NOTE
    File ‘distrEx/libs/distrEx.so’:
     Found no calls to: ‘R_registerRoutines’, ‘R_useDynamicSymbols’
    
    It is good practice to register native routines and to disable symbol
    search.
    
    See ‘Writing portable packages’ in the ‘Writing R Extensions’ manual.
Flavors: r-devel-linux-x86_64-debian-clang, r-devel-linux-x86_64-debian-gcc

Version: 2.6
Flags: --no-stop-on-test-error
Check: compiled code
Result: NOTE
    File ‘distrEx/libs/distrEx.so’:
     Found no calls to: ‘R_registerRoutines’, ‘R_useDynamicSymbols’
    
    It is good practice to register native routines and to disable symbol
    search.
    
    See ‘Writing portable packages’ in the ‘Writing R Extensions’ manual.
Flavors: r-devel-linux-x86_64-fedora-clang, r-devel-linux-x86_64-fedora-gcc, r-devel-macos-x86_64-clang