CRAN Package Check Results for Package distrEx

Last updated on 2015-05-20 15:46:53.

Flavor Version Tinstall Tcheck Ttotal Status Flags
r-devel-linux-x86_64-debian-clang 2.5 12.23 42.66 54.89 NOTE
r-devel-linux-x86_64-debian-gcc 2.5 11.46 39.92 51.39 NOTE
r-devel-linux-x86_64-fedora-clang 2.5 111.14 NOTE
r-devel-linux-x86_64-fedora-gcc 2.5 105.63 NOTE
r-devel-osx-x86_64-clang 2.5 99.33 NOTE
r-devel-windows-ix86+x86_64 2.5 34.00 78.00 112.00 NOTE
r-patched-linux-x86_64 2.5 11.40 40.98 52.38 NOTE
r-patched-solaris-sparc 2.5 662.70 NOTE
r-patched-solaris-x86 2.5 136.90 NOTE
r-release-linux-x86_64 2.5 11.49 40.82 52.30 NOTE
r-release-osx-x86_64-mavericks 2.5 NOTE
r-release-osx-x86_64-snowleopard 2.5 NOTE
r-release-windows-ix86+x86_64 2.5 23.00 84.00 107.00 NOTE
r-oldrel-windows-ix86+x86_64 2.5 24.00 137.00 161.00 NOTE

Check Details

Version: 2.5
Check: DESCRIPTION meta-information
Result: NOTE
    Malformed Description field: should contain one or more complete sentences.
Flavors: r-devel-linux-x86_64-debian-clang, r-devel-linux-x86_64-debian-gcc, r-devel-linux-x86_64-fedora-clang, r-devel-linux-x86_64-fedora-gcc, r-devel-osx-x86_64-clang, r-devel-windows-ix86+x86_64, r-patched-linux-x86_64, r-patched-solaris-sparc, r-patched-solaris-x86, r-release-linux-x86_64, r-release-osx-x86_64-mavericks, r-release-windows-ix86+x86_64

Version: 2.5
Check: R code for possible problems
Result: NOTE
    .onAttach: no visible global function definition for
     ‘buildStartupMessage’
    distrExMASK: no visible global function definition for ‘infoShow’
    distrExMOVED: no visible global function definition for ‘infoShow’
Flavors: r-devel-linux-x86_64-debian-clang, r-devel-linux-x86_64-debian-gcc, r-devel-linux-x86_64-fedora-clang, r-devel-linux-x86_64-fedora-gcc, r-devel-osx-x86_64-clang, r-devel-windows-ix86+x86_64, r-patched-linux-x86_64, r-patched-solaris-sparc, r-patched-solaris-x86, r-release-linux-x86_64, r-release-osx-x86_64-mavericks, r-release-windows-ix86+x86_64, r-oldrel-windows-ix86+x86_64

Version: 2.5
Check: Rd cross-references
Result: NOTE
    Package unavailable to check Rd xrefs: ‘robustbase’
Flavors: r-release-osx-x86_64-mavericks, r-release-osx-x86_64-snowleopard