CRAN Package Check Results for Package distrEx

Last updated on 2015-04-18 15:47:39.

Flavor Version Tinstall Tcheck Ttotal Status Flags
r-devel-linux-x86_64-debian-clang 2.5 11.79 41.93 53.72 NOTE
r-devel-linux-x86_64-debian-gcc 2.5 11.41 41.01 52.42 NOTE
r-devel-linux-x86_64-fedora-clang 2.5 111.13 NOTE
r-devel-linux-x86_64-fedora-gcc 2.5 105.04 NOTE
r-devel-osx-x86_64-clang 2.5 93.68 NOTE
r-patched-linux-x86_64 2.5 11.34 41.36 52.70 NOTE
r-patched-solaris-sparc 2.5 662.70 NOTE
r-patched-solaris-x86 2.5 135.40 NOTE
r-release-linux-x86_64 2.5 11.66 41.32 52.98 NOTE
r-release-osx-x86_64-mavericks 2.5 NOTE
r-release-windows-ix86+x86_64 2.5 29.00 106.00 135.00 NOTE
r-oldrel-windows-ix86+x86_64 2.5 34.00 123.00 157.00 OK

Check Details

Version: 2.5
Check: DESCRIPTION meta-information
Result: NOTE
    Malformed Description field: should contain one or more complete sentences.
Flavors: r-devel-linux-x86_64-debian-clang, r-devel-linux-x86_64-debian-gcc, r-devel-linux-x86_64-fedora-clang, r-devel-linux-x86_64-fedora-gcc, r-devel-osx-x86_64-clang, r-patched-linux-x86_64, r-patched-solaris-sparc, r-patched-solaris-x86, r-release-linux-x86_64, r-release-osx-x86_64-mavericks, r-release-windows-ix86+x86_64

Version: 2.5
Check: R code for possible problems
Result: NOTE
    .onAttach: no visible global function definition for
     ‘buildStartupMessage’
    distrExMASK: no visible global function definition for ‘infoShow’
    distrExMOVED: no visible global function definition for ‘infoShow’
Flavors: r-devel-linux-x86_64-debian-clang, r-devel-linux-x86_64-debian-gcc, r-devel-linux-x86_64-fedora-clang, r-devel-linux-x86_64-fedora-gcc, r-devel-osx-x86_64-clang, r-patched-linux-x86_64, r-patched-solaris-sparc, r-patched-solaris-x86, r-release-linux-x86_64, r-release-osx-x86_64-mavericks, r-release-windows-ix86+x86_64

Version: 2.5
Check: Rd cross-references
Result: NOTE
    Package unavailable to check Rd xrefs: ‘robustbase’
Flavor: r-release-osx-x86_64-mavericks