CRAN Package Check Results for Package distrEx

Last updated on 2014-09-16 19:48:30.

Flavor Version Tinstall Tcheck Ttotal Status Flags
r-devel-linux-x86_64-debian-clang 2.5 12.79 48.47 61.26 NOTE
r-devel-linux-x86_64-debian-gcc 2.5 12.25 46.89 59.14 NOTE
r-devel-linux-x86_64-fedora-clang 2.5 133.77 NOTE
r-devel-linux-x86_64-fedora-gcc 2.5 129.45 NOTE
r-devel-osx-x86_64-clang 2.5 107.80 NOTE
r-devel-windows-ix86+x86_64 2.5 26.00 89.00 115.00 NOTE
r-patched-linux-x86_64 2.5 14.29 49.47 63.76 OK
r-patched-solaris-sparc 2.5 809.90 OK
r-patched-solaris-x86 2.5 177.50 OK
r-release-linux-ix86 2.5 18.28 65.04 83.32 OK
r-release-linux-x86_64 2.5 14.81 52.52 67.34 OK
r-release-osx-x86_64-mavericks 2.5 OK
r-release-windows-ix86+x86_64 2.5 24.00 99.00 123.00 OK
r-oldrel-windows-ix86+x86_64 2.5 29.00 93.00 122.00 OK

Check Details

Version: 2.5
Check: R code for possible problems
Result: NOTE
    .onAttach: no visible global function definition for
     ‘buildStartupMessage’
    distrExMASK: no visible global function definition for ‘infoShow’
    distrExMOVED: no visible global function definition for ‘infoShow’
Flavors: r-devel-linux-x86_64-debian-clang, r-devel-linux-x86_64-debian-gcc, r-devel-linux-x86_64-fedora-clang, r-devel-linux-x86_64-fedora-gcc, r-devel-osx-x86_64-clang, r-devel-windows-ix86+x86_64