CRAN Package Check Results for Package diveMove

Last updated on 2019-07-21 23:47:36 CEST.

Flavor Version Tinstall Tcheck Ttotal Status Flags
r-devel-linux-x86_64-debian-clang 1.4.5 12.56 382.10 394.66 OK
r-devel-linux-x86_64-debian-gcc 1.4.5 11.07 286.41 297.48 OK
r-devel-linux-x86_64-fedora-clang 1.4.5 448.15 OK
r-devel-linux-x86_64-fedora-gcc 1.4.5 489.50 OK
r-devel-windows-ix86+x86_64 1.4.5 24.00 836.00 860.00 OK
r-patched-linux-x86_64 1.4.5 14.77 375.29 390.06 OK
r-patched-solaris-x86 1.4.5 646.10 OK
r-release-linux-x86_64 1.4.5 12.79 372.17 384.96 OK
r-release-windows-ix86+x86_64 1.4.5 26.00 653.00 679.00 OK
r-release-osx-x86_64 1.4.5 FAIL
r-oldrel-windows-ix86+x86_64 1.4.5 27.00 655.00 682.00 OK
r-oldrel-osx-x86_64 1.4.5 OK

Check Details

Version: 1.4.5
Check: dependencies in R code
Result: FAIL
    
Flavor: r-release-osx-x86_64