CRAN Package Check Results for Package dparser

Last updated on 2020-02-22 07:50:01 CET.

Flavor Version Tinstall Tcheck Ttotal Status Flags
r-devel-linux-x86_64-debian-clang 0.1.8 14.92 33.84 48.76 NOTE
r-devel-linux-x86_64-debian-gcc 0.1.8 9.97 25.96 35.93 NOTE
r-devel-linux-x86_64-fedora-clang 0.1.8 61.04 NOTE
r-devel-linux-x86_64-fedora-gcc 0.1.8 56.86 NOTE
r-devel-windows-ix86+x86_64 0.1.8 40.00 84.00 124.00 OK
r-devel-windows-ix86+x86_64-gcc8 0.1.8 55.00 113.00 168.00 OK
r-patched-linux-x86_64 0.1.8 OK
r-patched-solaris-x86 0.1.8 87.80 OK
r-release-linux-x86_64 0.1.8 10.63 30.03 40.66 OK
r-release-windows-ix86+x86_64 0.1.8 36.00 81.00 117.00 OK
r-release-osx-x86_64 0.1.8 OK
r-oldrel-windows-ix86+x86_64 0.1.8 62.00 79.00 141.00 OK
r-oldrel-osx-x86_64 0.1.8 OK

Additional issues

clang-UBSAN gcc-UBSAN

Check Details

Version: 0.1.8
Check: for non-standard things in the check directory
Result: NOTE
    Found the following files/directories:
     'ansic_gram.c'
Flavors: r-devel-linux-x86_64-debian-clang, r-devel-linux-x86_64-debian-gcc, r-devel-linux-x86_64-fedora-clang, r-devel-linux-x86_64-fedora-gcc