CRAN Package Check Results for Package eSDM

Last updated on 2020-01-16 17:48:08 CET.

Flavor Version Tinstall Tcheck Ttotal Status Flags
r-devel-linux-x86_64-debian-clang 0.3.2 8.06 239.54 247.60 OK
r-devel-linux-x86_64-debian-gcc 0.3.2 6.28 166.73 173.01 OK
r-devel-linux-x86_64-fedora-clang 0.3.2 297.22 NOTE
r-devel-linux-x86_64-fedora-gcc 0.3.2 302.65 NOTE
r-devel-windows-ix86+x86_64 0.3.2 35.00 250.00 285.00 OK
r-devel-windows-ix86+x86_64-gcc8 0.3.2 22.00 336.00 358.00 OK
r-patched-linux-x86_64 0.3.2 6.50 212.75 219.25 OK
r-patched-solaris-x86 0.3.2 418.30 NOTE
r-release-linux-x86_64 0.3.2 5.91 209.72 215.63 OK
r-release-windows-ix86+x86_64 0.3.2 28.00 314.00 342.00 OK
r-release-osx-x86_64 0.3.2 NOTE
r-oldrel-windows-ix86+x86_64 0.3.2 17.00 367.00 384.00 OK
r-oldrel-osx-x86_64 0.3.2 NOTE

Check Details

Version: 0.3.2
Check: dependencies in R code
Result: NOTE
    Namespaces in Imports field not imported from:
     ‘DT’ ‘RColorBrewer’ ‘colorRamps’ ‘colourpicker’ ‘dichromat’ ‘leaflet’
     ‘lwgeom’ ‘raster’ ‘shinycssloaders’ ‘shinydashboard’ ‘shinyjs’ ‘tmap’
     ‘viridis’ ‘zip’
     All declared Imports should be used.
Flavors: r-devel-linux-x86_64-fedora-clang, r-devel-linux-x86_64-fedora-gcc, r-patched-solaris-x86, r-release-osx-x86_64, r-oldrel-osx-x86_64