CRAN Package Check Results for Package eiCompare

Last updated on 2020-01-27 07:54:57 CET.

Flavor Version Tinstall Tcheck Ttotal Status Flags
r-devel-linux-x86_64-debian-clang 2.1 13.42 134.13 147.55 NOTE
r-devel-linux-x86_64-debian-gcc 2.1 12.85 101.67 114.52 NOTE
r-devel-linux-x86_64-fedora-clang 2.1 179.97 NOTE
r-devel-linux-x86_64-fedora-gcc 2.1 182.55 NOTE
r-devel-windows-ix86+x86_64 2.1 40.00 219.00 259.00 OK
r-devel-windows-ix86+x86_64-gcc8 2.1 42.00 152.00 194.00 OK
r-patched-linux-x86_64 2.1 13.47 117.40 130.87 OK
r-patched-solaris-x86 2.1 226.40 OK
r-release-linux-x86_64 2.1 12.52 116.45 128.97 OK
r-release-windows-ix86+x86_64 2.1 24.00 128.00 152.00 OK
r-release-osx-x86_64 2.1 OK
r-oldrel-windows-ix86+x86_64 2.1 14.00 127.00 141.00 OK
r-oldrel-osx-x86_64 2.1 OK

Check Details

Version: 2.1
Check: for non-standard things in the check directory
Result: NOTE
    Found the following files/directories:
     'canda~ black.pdf'
Flavors: r-devel-linux-x86_64-debian-clang, r-devel-linux-x86_64-debian-gcc, r-devel-linux-x86_64-fedora-clang, r-devel-linux-x86_64-fedora-gcc