CRAN Package Check Results for Package entropart

Last updated on 2020-01-27 07:54:57 CET.

Flavor Version Tinstall Tcheck Ttotal Status Flags
r-devel-linux-x86_64-debian-clang 1.6-4 11.96 160.70 172.66 OK
r-devel-linux-x86_64-debian-gcc 1.6-4 10.83 137.86 148.69 OK
r-devel-linux-x86_64-fedora-clang 1.6-4 231.06 NOTE
r-devel-linux-x86_64-fedora-gcc 1.6-4 230.80 NOTE
r-devel-windows-ix86+x86_64 1.6-4 30.00 241.00 271.00 OK
r-devel-windows-ix86+x86_64-gcc8 1.6-3 29.00 228.00 257.00 OK
r-patched-linux-x86_64 1.6-4 8.10 167.98 176.08 OK
r-patched-solaris-x86 1.6-4 288.40 NOTE
r-release-linux-x86_64 1.6-4 9.13 168.59 177.72 OK
r-release-windows-ix86+x86_64 1.6-4 16.00 175.00 191.00 OK
r-release-osx-x86_64 1.6-4 NOTE
r-oldrel-windows-ix86+x86_64 1.6-4 27.00 293.00 320.00 OK
r-oldrel-osx-x86_64 1.6-4 NOTE

Check Details

Version: 1.6-4
Check: dependencies in R code
Result: NOTE
    Namespaces in Imports field not imported from:
     ‘SPECIES’ ‘ade4’
     All declared Imports should be used.
Flavors: r-devel-linux-x86_64-fedora-clang, r-devel-linux-x86_64-fedora-gcc, r-patched-solaris-x86, r-release-osx-x86_64, r-oldrel-osx-x86_64