CRAN Package Check Results for Package eqn2svg

Last updated on 2020-02-18 07:49:45 CET.

Flavor Version Tinstall Tcheck Ttotal Status Flags
r-devel-linux-x86_64-debian-clang 0.1.0 1.93 20.35 22.28 OK
r-devel-linux-x86_64-debian-gcc 0.1.0 1.44 16.41 17.85 OK
r-devel-linux-x86_64-fedora-clang 0.1.0 27.86 OK
r-devel-linux-x86_64-fedora-gcc 0.1.0 27.12 OK
r-devel-windows-ix86+x86_64 0.1.0 4.00 33.00 37.00 ERROR
r-devel-windows-ix86+x86_64-gcc8 0.1.0 9.00 57.00 66.00 ERROR
r-patched-linux-x86_64 0.1.0 1.43 19.00 20.43 OK
r-patched-solaris-x86 0.1.0 39.20 OK
r-release-linux-x86_64 0.1.0 1.46 19.09 20.55 OK
r-release-windows-ix86+x86_64 0.1.0 4.00 35.00 39.00 ERROR
r-release-osx-x86_64 0.1.0 OK
r-oldrel-windows-ix86+x86_64 0.1.0 2.00 57.00 59.00 ERROR
r-oldrel-osx-x86_64 0.1.0 OK

Check Details

Version: 0.1.0
Check: examples
Result: ERROR
    Running examples in 'eqn2svg-Ex.R' failed
    The error most likely occurred in:
    
    > ### Name: eqn2svg
    > ### Title: Convert a LaTeX math formula to an SVG object
    > ### Aliases: eqn2svg
    >
    > ### ** Examples
    >
    > # Take LaTeX code for the Heaviside
    > # Function and convert that to SVG
    > heaviside <-
    + eqn2svg(
    + eqn = l_time_domain[25],
    + preview = FALSE
    + )
    Warning in file(con, "r") :
     InternetOpenUrl failed: 'Die Serververbindung konnte nicht hergestellt werden.'
    Error in file(con, "r") : cannot open the connection
    Calls: eqn2svg -> readLines -> file
    Execution halted
Flavors: r-devel-windows-ix86+x86_64, r-devel-windows-ix86+x86_64-gcc8, r-release-windows-ix86+x86_64, r-oldrel-windows-ix86+x86_64

Version: 0.1.0
Check: tests
Result: ERROR
     Running 'testthat.R' [2s]
    Running the tests in 'tests/testthat.R' failed.
    Complete output:
     > library(testthat)
     > library(eqn2svg)
     >
     > test_check("eqn2svg")
     -- 1. Error: SVG conversion works (@test-eqn2svg.R#3) -------------------------
     cannot open the connection
     Backtrace:
     1. eqn2svg::eqn2svg(eqn = l_time_domain[25], preview = FALSE)
     2. base::readLines(url, warn = FALSE)
     3. base::file(con, "r")
    
     == testthat results ===========================================================
     [ OK: 0 | SKIPPED: 0 | WARNINGS: 1 | FAILED: 1 ]
     1. Error: SVG conversion works (@test-eqn2svg.R#3)
    
     Error: testthat unit tests failed
     Execution halted
Flavors: r-devel-windows-ix86+x86_64, r-release-windows-ix86+x86_64

Version: 0.1.0
Check: tests
Result: ERROR
     Running 'testthat.R' [3s]
    Running the tests in 'tests/testthat.R' failed.
    Complete output:
     > library(testthat)
     > library(eqn2svg)
     >
     > test_check("eqn2svg")
     -- 1. Error: SVG conversion works (@test-eqn2svg.R#3) -------------------------
     cannot open the connection
     Backtrace:
     1. eqn2svg::eqn2svg(eqn = l_time_domain[25], preview = FALSE)
     2. base::readLines(url, warn = FALSE)
     3. base::file(con, "r")
    
     == testthat results ===========================================================
     [ OK: 0 | SKIPPED: 0 | WARNINGS: 1 | FAILED: 1 ]
     1. Error: SVG conversion works (@test-eqn2svg.R#3)
    
     Error: testthat unit tests failed
     Execution halted
Flavors: r-devel-windows-ix86+x86_64-gcc8, r-oldrel-windows-ix86+x86_64