CRAN Package Check Results for Package exPrior

Last updated on 2020-02-16 07:47:57 CET.

Flavor Version Tinstall Tcheck Ttotal Status Flags
r-devel-linux-x86_64-debian-clang 1.0.1 7.79 528.68 536.47 OK
r-devel-linux-x86_64-debian-gcc 1.0.1 6.54 391.18 397.72 OK
r-devel-linux-x86_64-fedora-clang 1.0.1 608.04 OK
r-devel-linux-x86_64-fedora-gcc 1.0.1 631.07 OK
r-devel-windows-ix86+x86_64 1.0.1 22.00 508.00 530.00 OK
r-devel-windows-ix86+x86_64-gcc8 1.0.1 25.00 624.00 649.00 OK
r-patched-linux-x86_64 1.0.1 6.35 481.87 488.22 OK
r-patched-solaris-x86 1.0.1 243.60 ERROR
r-release-linux-x86_64 1.0.1 6.56 484.55 491.11 OK
r-release-windows-ix86+x86_64 1.0.1 16.00 450.00 466.00 OK
r-release-osx-x86_64 1.0.1 OK
r-oldrel-windows-ix86+x86_64 1.0.1 10.00 477.00 487.00 OK
r-oldrel-osx-x86_64 1.0.1 OK

Check Details

Version: 1.0.1
Check: tests
Result: ERROR
     Running ‘testthat.R’ [70s/78s]
    Running the tests in ‘tests/testthat.R’ failed.
    Complete output:
     > library(testthat)
     > library(exPrior)
     Loading required package: nimble
     nimble version 0.9.0 is loaded.
     For more information on NIMBLE and a User Manual,
     please visit http://R-nimble.org.
    
     Attaching package: 'nimble'
    
     The following object is masked from 'package:stats':
    
     simulate
    
     >
     > test_check("exPrior")
     ── 1. Error: calculations from genExPrior (@test_genExPrior.R#6) ──────────────
     Failed to create the shared library.
     Backtrace:
     1. testthat::expect_equal(...)
     4. exPrior::genExPrior(...)
     5. nimble::compileNimble(siteModel)
     6. project$compileModel(units[[i]], control = control, showCompilerOutput = showCompilerOutput)
     7. cppProj$compileFile(compileList, showCompilerOutput)
     8. nimble:::compileDynamicRegistrations(showCompilerOutput = showCompilerOutput)
     9. nimble:::compileStaticCode(dllName, cppName, showCompilerOutput)
    
     ── 2. Error: calculations from genExPrior with multiple data types (@test_multi_
     Failed to create the shared library.
     Backtrace:
     1. testthat::expect_equal(...)
     4. exPrior::genExPrior(...)
     5. nimble::compileNimble(siteModel)
     6. project$compileModel(units[[i]], control = control, showCompilerOutput = showCompilerOutput)
     7. cppProj$compileFile(compileList, showCompilerOutput)
     8. nimble:::compileDynamicRegistrations(showCompilerOutput = showCompilerOutput)
     9. nimble:::compileStaticCode(dllName, cppName, showCompilerOutput)
    
     ── 3. Error: calculations from genExPrior using spatially-correlated data (@test
     Failed to create the shared library.
     Backtrace:
     1. testthat::expect_equal(...)
     4. exPrior::genExPrior(...)
     5. nimble::compileNimble(siteModel)
     6. project$compileModel(units[[i]], control = control, showCompilerOutput = showCompilerOutput)
     7. cppProj$compileFile(compileList, showCompilerOutput)
     8. nimble:::compileDynamicRegistrations(showCompilerOutput = showCompilerOutput)
     9. nimble:::compileStaticCode(dllName, cppName, showCompilerOutput)
    
     ══ testthat results ═══════════════════════════════════════════════════════════
     [ OK: 0 | SKIPPED: 0 | WARNINGS: 0 | FAILED: 3 ]
     1. Error: calculations from genExPrior (@test_genExPrior.R#6)
     2. Error: calculations from genExPrior with multiple data types (@test_multi_type_data.R#9)
     3. Error: calculations from genExPrior using spatially-correlated data (@test_spatial_correlation.R#12)
    
     Error: testthat unit tests failed
     Execution halted
Flavor: r-patched-solaris-x86

Version: 1.0.1
Check: re-building of vignette outputs
Result: WARN
    Error(s) in re-building vignettes:
     ...
    --- re-building ‘using_genExPrior.Rmd’ using rmarkdown
    Warning in engine$weave(file, quiet = quiet, encoding = enc) :
     Pandoc (>= 1.12.3) and/or pandoc-citeproc not available. Falling back to R Markdown v1.
    Quitting from lines 58-59 (using_genExPrior.Rmd)
    Error: processing vignette 'using_genExPrior.Rmd' failed with diagnostics:
    Failed to create the shared library.
    --- failed re-building ‘using_genExPrior.Rmd’
    
    SUMMARY: processing the following file failed:
     ‘using_genExPrior.Rmd’
    
    Error: Vignette re-building failed.
    Execution halted
Flavor: r-patched-solaris-x86