CRAN Package Check Results for Package extrafontdb

Last updated on 2020-01-19 07:56:16 CET.

Flavor Version Tinstall Tcheck Ttotal Status Flags
r-devel-linux-x86_64-debian-clang 1.0 1.74 15.34 17.08 NOTE
r-devel-linux-x86_64-debian-gcc 1.0 1.31 12.58 13.89 NOTE
r-devel-linux-x86_64-fedora-clang 1.0 21.82 NOTE
r-devel-linux-x86_64-fedora-gcc 1.0 20.78 NOTE
r-devel-windows-ix86+x86_64 1.0 6.00 25.00 31.00 NOTE
r-devel-windows-ix86+x86_64-gcc8 1.0 4.00 34.00 38.00 NOTE
r-patched-linux-x86_64 1.0 1.23 14.44 15.67 NOTE
r-patched-solaris-x86 1.0 30.20 NOTE
r-release-linux-x86_64 1.0 1.18 14.48 15.66 NOTE
r-release-windows-ix86+x86_64 1.0 3.00 34.00 37.00 NOTE
r-release-osx-x86_64 1.0 NOTE
r-oldrel-windows-ix86+x86_64 1.0 2.00 23.00 25.00 NOTE
r-oldrel-osx-x86_64 1.0 NOTE

Check Details

Version: 1.0
Check: DESCRIPTION meta-information
Result: NOTE
    Malformed Description field: should contain one or more complete sentences.
Flavors: r-devel-linux-x86_64-debian-clang, r-devel-linux-x86_64-debian-gcc, r-devel-linux-x86_64-fedora-clang, r-devel-linux-x86_64-fedora-gcc, r-devel-windows-ix86+x86_64, r-devel-windows-ix86+x86_64-gcc8, r-patched-linux-x86_64, r-patched-solaris-x86, r-release-linux-x86_64, r-release-windows-ix86+x86_64, r-release-osx-x86_64, r-oldrel-windows-ix86+x86_64, r-oldrel-osx-x86_64