CRAN Package Check Results for Package fDMA

Last updated on 2020-01-18 07:59:45 CET.

Flavor Version Tinstall Tcheck Ttotal Status Flags
r-devel-linux-x86_64-debian-clang 2.2.4 40.64 112.64 153.28 NOTE
r-devel-linux-x86_64-debian-gcc 2.2.4 31.26 81.90 113.16 NOTE
r-devel-linux-x86_64-fedora-clang 2.2.4 205.78 WARN
r-devel-linux-x86_64-fedora-gcc 2.2.4 189.51 NOTE
r-devel-windows-ix86+x86_64 2.2.4 115.00 233.00 348.00 NOTE
r-devel-windows-ix86+x86_64-gcc8 2.2.4 97.00 227.00 324.00 NOTE
r-patched-linux-x86_64 2.2.4 33.88 97.43 131.31 NOTE
r-patched-solaris-x86 2.2.4 203.40 NOTE
r-release-linux-x86_64 2.2.4 31.42 96.20 127.62 NOTE
r-release-windows-ix86+x86_64 2.2.4 116.00 243.00 359.00 NOTE
r-release-osx-x86_64 2.2.4 NOTE
r-oldrel-windows-ix86+x86_64 2.2.4 93.00 200.00 293.00 OK
r-oldrel-osx-x86_64 2.2.4 OK

Check Details

Version: 2.2.4
Check: line endings in C/C++/Fortran sources/headers
Result: NOTE
    Found the following sources/headers with CR or CRLF line endings:
     inst/include/fDMA.h
    Some Unix compilers require LF line endings.
Flavors: r-devel-linux-x86_64-debian-clang, r-devel-linux-x86_64-debian-gcc, r-devel-linux-x86_64-fedora-clang, r-devel-linux-x86_64-fedora-gcc, r-devel-windows-ix86+x86_64, r-devel-windows-ix86+x86_64-gcc8, r-patched-linux-x86_64, r-patched-solaris-x86, r-release-linux-x86_64, r-release-windows-ix86+x86_64, r-release-osx-x86_64

Version: 2.2.4
Check: package dependencies
Result: WARN
    Requires orphaned package: ‘gplots’
Flavor: r-devel-linux-x86_64-fedora-clang