CRAN Package Check Results for Package fPortfolio

Last updated on 2020-02-18 23:48:31 CET.

Flavor Version Tinstall Tcheck Ttotal Status Flags
r-devel-linux-x86_64-debian-clang 3042.83 21.92 143.24 165.16 WARN
r-devel-linux-x86_64-debian-gcc 3042.83 19.71 111.37 131.08 WARN
r-devel-linux-x86_64-fedora-clang 3042.83 204.27 WARN
r-devel-linux-x86_64-fedora-gcc 3042.83 201.71 WARN
r-devel-windows-ix86+x86_64 3042.83 31.00 136.00 167.00 NOTE
r-devel-windows-ix86+x86_64-gcc8 3042.83 54.00 185.00 239.00 NOTE
r-patched-linux-x86_64 3042.83 20.86 126.18 147.04 WARN
r-patched-solaris-x86 3042.83 237.80 WARN
r-release-linux-x86_64 3042.83 23.33 125.91 149.24 NOTE
r-release-windows-ix86+x86_64 3042.83 31.00 127.00 158.00 NOTE
r-release-osx-x86_64 3042.83 NOTE
r-oldrel-windows-ix86+x86_64 3042.83 24.00 133.00 157.00 NOTE
r-oldrel-osx-x86_64 3042.83 NOTE

Check Details

Version: 3042.83
Check: package dependencies
Result: NOTE
    Packages suggested but not available for checking:
     'Rsocp', 'Rnlminb2', 'Rdonlp2', 'mvoutlier'
Flavor: r-devel-linux-x86_64-debian-clang

Version: 3042.83
Check: Rd \usage sections
Result: WARN
    Documented arguments not in \usage in documentation object 'portfolio-getDefault':
     '...'
    
    Functions with \usage entries need to have the appropriate \alias
    entries, and all their arguments documented.
    The \usage entries must correspond to syntactically valid R code.
    See chapter 'Writing R documentation files' in the 'Writing R
    Extensions' manual.
Flavors: r-devel-linux-x86_64-debian-clang, r-devel-linux-x86_64-debian-gcc, r-devel-linux-x86_64-fedora-clang, r-devel-linux-x86_64-fedora-gcc, r-patched-linux-x86_64, r-patched-solaris-x86

Version: 3042.83
Check: package dependencies
Result: NOTE
    Packages suggested but not available for checking:
     'Rsocp', 'Rnlminb2', 'Rdonlp2'
Flavors: r-devel-linux-x86_64-debian-gcc, r-devel-linux-x86_64-fedora-clang, r-devel-linux-x86_64-fedora-gcc, r-devel-windows-ix86+x86_64, r-devel-windows-ix86+x86_64-gcc8, r-patched-linux-x86_64, r-release-linux-x86_64, r-release-windows-ix86+x86_64

Version: 3042.83
Check: package dependencies
Result: NOTE
    Packages suggested but not available for checking:
     'Rsocp', 'Rnlminb2', 'Rdonlp2', 'Rsymphony'
Flavors: r-patched-solaris-x86, r-release-osx-x86_64

Version: 3042.83
Check: package dependencies
Result: NOTE
    Packages suggested but not available for checking:
     'Rsocp' 'Rnlminb2' 'Rdonlp2'
Flavor: r-oldrel-windows-ix86+x86_64

Version: 3042.83
Check: package dependencies
Result: NOTE
    Packages suggested but not available for checking:
     ‘Rsocp’ ‘Rnlminb2’ ‘Rdonlp2’ ‘Rsymphony’
Flavor: r-oldrel-osx-x86_64