CRAN Package Check Results for Package fauxpas

Last updated on 2020-01-27 07:54:58 CET.

Flavor Version Tinstall Tcheck Ttotal Status Flags
r-devel-linux-x86_64-debian-clang 0.2.0 49.86 34.97 84.83 OK
r-devel-linux-x86_64-debian-gcc 0.2.0 43.54 27.90 71.44 OK
r-devel-linux-x86_64-fedora-clang 0.2.0 118.18 NOTE
r-devel-linux-x86_64-fedora-gcc 0.2.0 121.63 NOTE
r-devel-windows-ix86+x86_64 0.2.0 90.00 66.00 156.00 OK
r-devel-windows-ix86+x86_64-gcc8 0.2.0 88.00 54.00 142.00 OK
r-patched-linux-x86_64 0.2.0 42.06 32.36 74.42 OK
r-patched-solaris-x86 0.2.0 129.50 NOTE
r-release-linux-x86_64 0.2.0 42.23 32.14 74.37 OK
r-release-windows-ix86+x86_64 0.2.0 54.00 45.00 99.00 OK
r-release-osx-x86_64 0.2.0 NOTE
r-oldrel-windows-ix86+x86_64 0.2.0 51.00 43.00 94.00 OK
r-oldrel-osx-x86_64 0.2.0 NOTE

Check Details

Version: 0.2.0
Check: dependencies in R code
Result: NOTE
    Namespace in Imports field not imported from: ‘whisker’
     All declared Imports should be used.
Flavors: r-devel-linux-x86_64-fedora-clang, r-devel-linux-x86_64-fedora-gcc, r-patched-solaris-x86, r-release-osx-x86_64, r-oldrel-osx-x86_64