CRAN Package Check Results for Package flippant

Last updated on 2020-02-18 07:49:46 CET.

Flavor Version Tinstall Tcheck Ttotal Status Flags
r-devel-linux-x86_64-debian-clang 1.1.0 4.54 41.03 45.57 OK
r-devel-linux-x86_64-debian-gcc 1.1.0 3.39 31.48 34.87 OK
r-devel-linux-x86_64-fedora-clang 1.1.0 55.18 OK
r-devel-linux-x86_64-fedora-gcc 1.1.0 52.89 OK
r-devel-windows-ix86+x86_64 1.1.0 12.00 56.00 68.00 OK
r-devel-windows-ix86+x86_64-gcc8 1.1.0 21.00 75.00 96.00 OK
r-patched-linux-x86_64 1.1.0 3.85 35.34 39.19 OK
r-patched-solaris-x86 1.1.0 75.80 NOTE
r-release-linux-x86_64 1.1.0 3.57 35.05 38.62 OK
r-release-windows-ix86+x86_64 1.1.0 10.00 46.00 56.00 OK
r-release-osx-x86_64 1.1.0 OK
r-oldrel-windows-ix86+x86_64 1.1.0 8.00 49.00 57.00 OK
r-oldrel-osx-x86_64 1.1.0 NOTE

Check Details

Version: 1.1.0
Check: package dependencies
Result: NOTE
    Package suggested but not available for checking: ‘multipanelfigure’
Flavors: r-patched-solaris-x86, r-oldrel-osx-x86_64