CRAN Package Check Results for Package foghorn

Last updated on 2020-01-19 07:56:17 CET.

Flavor Version Tinstall Tcheck Ttotal Status Flags
r-devel-linux-x86_64-debian-clang 1.1.4 4.11 43.46 47.57 OK
r-devel-linux-x86_64-debian-gcc 1.1.4 3.85 34.52 38.37 OK
r-devel-linux-x86_64-fedora-clang 1.1.4 56.62 OK
r-devel-linux-x86_64-fedora-gcc 1.1.4 54.91 OK
r-devel-windows-ix86+x86_64 1.1.4 17.00 84.00 101.00 OK
r-devel-windows-ix86+x86_64-gcc8 1.1.4 12.00 84.00 96.00 OK
r-patched-linux-x86_64 1.1.4 3.57 38.00 41.57 WARN
r-patched-solaris-x86 1.1.4 75.90 OK
r-release-linux-x86_64 1.1.4 2.67 39.00 41.67 OK
r-release-windows-ix86+x86_64 1.1.4 14.00 85.00 99.00 OK
r-release-osx-x86_64 1.1.4 OK
r-oldrel-windows-ix86+x86_64 1.1.4 8.00 50.00 58.00 OK
r-oldrel-osx-x86_64 1.1.4 OK

Check Details

Version: 1.1.4
Check: re-building of vignette outputs
Result: WARN
    Error(s) in re-building vignettes:
     ...
    --- re-building ‘foghorn.Rmd’ using rmarkdown
    Warning in .Internal(gc(verbose, reset, full)) :
     closing unused connection 4 (https://cloud.r-project.org/web/checks/check_results_ridigbio.html)
    Quitting from lines 38-47 (foghorn.Rmd)
    Error: processing vignette 'foghorn.Rmd' failed with diagnostics:
    Invalid package name(s): 'ridigbio'.
    Original error: 'Error in open.connection(x, "rb") : HTTP error 404.
    '
    --- failed re-building ‘foghorn.Rmd’
    
    SUMMARY: processing the following file failed:
     ‘foghorn.Rmd’
    
    Error: Vignette re-building failed.
    Execution halted
Flavor: r-patched-linux-x86_64