CRAN Package Check Results for Package fontHind

Last updated on 2020-01-18 07:59:46 CET.

Flavor Version Tinstall Tcheck Ttotal Status Flags
r-devel-linux-x86_64-debian-clang 0.1.1 3.72 38.68 42.40 OK
r-devel-linux-x86_64-debian-gcc 0.1.1 3.31 30.53 33.84 OK
r-devel-linux-x86_64-fedora-clang 0.1.1 54.73 NOTE
r-devel-linux-x86_64-fedora-gcc 0.1.1 51.55 NOTE
r-devel-windows-ix86+x86_64 0.1.1 20.00 75.00 95.00 OK
r-devel-windows-ix86+x86_64-gcc8 0.1.1 13.00 83.00 96.00 OK
r-patched-linux-x86_64 0.1.1 3.19 35.11 38.30 OK
r-patched-solaris-x86 0.1.1 71.40 NOTE
r-release-linux-x86_64 0.1.1 2.83 34.56 37.39 OK
r-release-windows-ix86+x86_64 0.1.1 16.00 82.00 98.00 OK
r-release-osx-x86_64 0.1.1 WARN
r-oldrel-windows-ix86+x86_64 0.1.1 12.00 50.00 62.00 OK
r-oldrel-osx-x86_64 0.1.1 WARN

Check Details

Version: 0.1.1
Check: dependencies in R code
Result: NOTE
    Namespace in Imports field not imported from: ‘ggplot2’
     All declared Imports should be used.
Flavors: r-devel-linux-x86_64-fedora-clang, r-devel-linux-x86_64-fedora-gcc, r-patched-solaris-x86, r-release-osx-x86_64, r-oldrel-osx-x86_64

Version: 0.1.1
Check: re-building of vignette outputs
Result: WARN
    Error(s) in re-building vignettes:
     ...
    --- re-building ‘Using_fontHind.Rmd’ using rmarkdown
    Warning in engine$weave(file, quiet = quiet, encoding = enc) :
     Pandoc (>= 1.12.3) and/or pandoc-citeproc not available. Falling back to R Markdown v1.
    Quitting from lines 38-49 (Using_fontHind.Rmd)
    Error: processing vignette 'Using_fontHind.Rmd' failed with diagnostics:
    polygon edge not found
    --- failed re-building ‘Using_fontHind.Rmd’
    
    SUMMARY: processing the following file failed:
     ‘Using_fontHind.Rmd’
    
    Error: Vignette re-building failed.
    Execution halted
Flavor: r-release-osx-x86_64

Version: 0.1.1
Check: re-building of vignette outputs
Result: WARN
    Error in re-building vignettes:
     ...
    Warning in engine$weave(file, quiet = quiet, encoding = enc) :
     Pandoc (>= 1.12.3) and/or pandoc-citeproc not available. Falling back to R Markdown v1.
    Quitting from lines 38-49 (Using_fontHind.Rmd)
    Error: processing vignette 'Using_fontHind.Rmd' failed with diagnostics:
    polygon edge not found
    Execution halted
Flavor: r-oldrel-osx-x86_64