CRAN Package Check Results for Package fontcm

Last updated on 2020-01-27 07:54:59 CET.

Flavor Version Tinstall Tcheck Ttotal Status Flags
r-devel-linux-x86_64-debian-clang 1.1 2.22 15.72 17.94 NOTE
r-devel-linux-x86_64-debian-gcc 1.1 1.94 12.67 14.61 NOTE
r-devel-linux-x86_64-fedora-clang 1.1 21.72 NOTE
r-devel-linux-x86_64-fedora-gcc 1.1 23.01 NOTE
r-devel-windows-ix86+x86_64 1.1 11.00 41.00 52.00 NOTE
r-devel-windows-ix86+x86_64-gcc8 1.1 7.00 42.00 49.00 NOTE
r-patched-linux-x86_64 1.1 1.79 14.43 16.22 NOTE
r-patched-solaris-x86 1.1 31.80 NOTE
r-release-linux-x86_64 1.1 1.98 14.67 16.65 NOTE
r-release-windows-ix86+x86_64 1.1 7.00 40.00 47.00 NOTE
r-release-osx-x86_64 1.1 NOTE
r-oldrel-windows-ix86+x86_64 1.1 5.00 25.00 30.00 NOTE
r-oldrel-osx-x86_64 1.1 NOTE

Check Details

Version: 1.1
Check: DESCRIPTION meta-information
Result: NOTE
    Malformed Description field: should contain one or more complete sentences.
Flavors: r-devel-linux-x86_64-debian-clang, r-devel-linux-x86_64-debian-gcc, r-devel-linux-x86_64-fedora-clang, r-devel-linux-x86_64-fedora-gcc, r-devel-windows-ix86+x86_64, r-devel-windows-ix86+x86_64-gcc8, r-patched-linux-x86_64, r-patched-solaris-x86, r-release-linux-x86_64, r-release-windows-ix86+x86_64, r-release-osx-x86_64, r-oldrel-windows-ix86+x86_64, r-oldrel-osx-x86_64

Version: 1.1
Check: installed package size
Result: NOTE
     installed size is 6.7Mb
     sub-directories of 1Mb or more:
     fonts 6.6Mb
Flavors: r-devel-linux-x86_64-fedora-clang, r-devel-windows-ix86+x86_64, r-devel-windows-ix86+x86_64-gcc8, r-patched-solaris-x86, r-release-windows-ix86+x86_64, r-release-osx-x86_64, r-oldrel-windows-ix86+x86_64, r-oldrel-osx-x86_64