CRAN Package Check Results for Package gRim

Last updated on 2020-01-16 17:48:10 CET.

Flavor Version Tinstall Tcheck Ttotal Status Flags
r-devel-linux-x86_64-debian-clang 0.2-0 50.18 116.95 167.13 OK
r-devel-linux-x86_64-debian-gcc 0.2-0 37.47 90.30 127.77 OK
r-devel-linux-x86_64-fedora-clang 0.2-0 165.82 OK
r-devel-linux-x86_64-fedora-gcc 0.2-0 182.00 OK
r-devel-windows-ix86+x86_64 0.2-0 131.00 223.00 354.00 OK
r-devel-windows-ix86+x86_64-gcc8 0.2-0 106.00 234.00 340.00 OK
r-patched-linux-x86_64 0.2-0 40.25 104.85 145.10 OK
r-patched-solaris-x86 0.2-0 220.70 OK
r-release-linux-x86_64 0.2-0 38.09 104.83 142.92 OK
r-release-windows-ix86+x86_64 0.2-0 118.00 145.00 263.00 NOTE
r-release-osx-x86_64 0.2-0 OK
r-oldrel-windows-ix86+x86_64 0.2-0 99.00 136.00 235.00 OK
r-oldrel-osx-x86_64 0.2-0 OK

Additional issues

LTO

Check Details

Version: 0.2-0
Check: dependencies in R code
Result: NOTE
    Missing or unexported objects:
     'gRbase::isDecomposable.default' 'gRbase::isGraphical.default'
Flavor: r-release-windows-ix86+x86_64