CRAN Package Check Results for Package gWQSRS

Last updated on 2020-01-16 17:48:10 CET.

Flavor Version Tinstall Tcheck Ttotal Status Flags
r-devel-linux-x86_64-debian-clang 1.0.0 8.16 64.45 72.61 OK
r-devel-linux-x86_64-debian-gcc 1.0.0 6.37 49.70 56.07 OK
r-devel-linux-x86_64-fedora-clang 1.0.0 90.47 NOTE
r-devel-linux-x86_64-fedora-gcc 1.0.0 88.45 NOTE
r-devel-windows-ix86+x86_64 1.0.0 48.00 120.00 168.00 OK
r-devel-windows-ix86+x86_64-gcc8 1.0.0 27.00 127.00 154.00 OK
r-patched-linux-x86_64 1.0.0 6.09 57.33 63.42 OK
r-patched-solaris-x86 1.0.0 120.90 NOTE
r-release-linux-x86_64 1.0.0 6.65 57.88 64.53 OK
r-release-windows-ix86+x86_64 1.0.0 31.00 140.00 171.00 OK
r-release-osx-x86_64 1.0.0 NOTE
r-oldrel-windows-ix86+x86_64 1.0.0 22.00 79.00 101.00 OK
r-oldrel-osx-x86_64 1.0.0 NOTE

Check Details

Version: 1.0.0
Check: dependencies in R code
Result: NOTE
    Namespaces in Imports field not imported from:
     ‘broom’ ‘dplyr’ ‘ggrepel’ ‘kableExtra’ ‘knitr’ ‘nnet’ ‘plotROC’
     All declared Imports should be used.
Flavors: r-devel-linux-x86_64-fedora-clang, r-devel-linux-x86_64-fedora-gcc, r-patched-solaris-x86, r-release-osx-x86_64, r-oldrel-osx-x86_64