CRAN Package Check Results for Package gapfill

Last updated on 2020-01-27 07:54:59 CET.

Flavor Version Tinstall Tcheck Ttotal Status Flags
r-devel-linux-x86_64-debian-clang 0.9.6 26.00 120.88 146.88 OK
r-devel-linux-x86_64-debian-gcc 0.9.6 18.23 91.17 109.40 OK
r-devel-linux-x86_64-fedora-clang 0.9.6 176.55 OK
r-devel-linux-x86_64-fedora-gcc 0.9.6 172.73 OK
r-devel-windows-ix86+x86_64 0.9.6 61.00 253.00 314.00 OK
r-devel-windows-ix86+x86_64-gcc8 0.9.6 83.00 213.00 296.00 OK
r-patched-linux-x86_64 0.9.6 18.86 103.20 122.06 OK
r-patched-solaris-x86 0.9.6 204.50 OK
r-release-linux-x86_64 0.9.6 18.06 101.17 119.23 OK
r-release-windows-ix86+x86_64 0.9.6 52.00 171.00 223.00 OK
r-release-osx-x86_64 0.9.6 NOTE
r-oldrel-windows-ix86+x86_64 0.9.6 39.00 175.00 214.00 OK
r-oldrel-osx-x86_64 0.9.6 NOTE

Check Details

Version: 0.9.6
Check: package dependencies
Result: NOTE
    Package which this enhances but not available for checking: ‘doMPI’
Flavors: r-release-osx-x86_64, r-oldrel-osx-x86_64