CRAN Package Check Results for Package gbp

Last updated on 2020-01-19 07:56:18 CET.

Flavor Version Tinstall Tcheck Ttotal Status Flags
r-devel-linux-x86_64-debian-clang 0.1.0.4 262.24 63.69 325.93 NOTE
r-devel-linux-x86_64-debian-gcc 0.1.0.4 194.36 47.82 242.18 NOTE
r-devel-linux-x86_64-fedora-clang 0.1.0.4 458.46 NOTE
r-devel-linux-x86_64-fedora-gcc 0.1.0.4 450.02 NOTE
r-devel-windows-ix86+x86_64 0.1.0.4 707.00 143.00 850.00 NOTE
r-devel-windows-ix86+x86_64-gcc8 0.1.0.4 583.00 160.00 743.00 NOTE
r-patched-linux-x86_64 0.1.0.4 220.46 52.32 272.78 NOTE
r-patched-solaris-x86 0.1.0.4 355.40 NOTE
r-release-linux-x86_64 0.1.0.4 219.05 53.45 272.50 NOTE
r-release-windows-ix86+x86_64 0.1.0.4 682.00 139.00 821.00 NOTE
r-release-osx-x86_64 0.1.0.4 NOTE
r-oldrel-windows-ix86+x86_64 0.1.0.4 645.00 101.00 746.00 NOTE
r-oldrel-osx-x86_64 0.1.0.4 NOTE

Check Details

Version: 0.1.0.4
Check: for GNU extensions in Makefiles
Result: NOTE
    GNU make is a SystemRequirements.
Flavors: r-devel-linux-x86_64-debian-clang, r-devel-linux-x86_64-debian-gcc, r-devel-linux-x86_64-fedora-clang, r-devel-linux-x86_64-fedora-gcc, r-devel-windows-ix86+x86_64, r-devel-windows-ix86+x86_64-gcc8, r-patched-linux-x86_64, r-patched-solaris-x86, r-release-linux-x86_64, r-release-windows-ix86+x86_64, r-release-osx-x86_64, r-oldrel-windows-ix86+x86_64, r-oldrel-osx-x86_64

Version: 0.1.0.4
Check: installed package size
Result: NOTE
     installed size is 18.3Mb
     sub-directories of 1Mb or more:
     doc 1.2Mb
     libs 16.9Mb
Flavors: r-devel-linux-x86_64-fedora-clang, r-devel-windows-ix86+x86_64, r-devel-windows-ix86+x86_64-gcc8, r-release-windows-ix86+x86_64, r-release-osx-x86_64, r-oldrel-windows-ix86+x86_64, r-oldrel-osx-x86_64

Version: 0.1.0.4
Check: compiled code
Result: NOTE
    File ‘gbp/libs/gbp.so’:
     Found no calls to: ‘R_registerRoutines’, ‘R_useDynamicSymbols’
    
    It is good practice to register native routines and to disable symbol
    search.
    
    See ‘Writing portable packages’ in the ‘Writing R Extensions’ manual.
Flavors: r-devel-linux-x86_64-fedora-clang, r-devel-linux-x86_64-fedora-gcc