CRAN Package Check Results for Package ggalt

Last updated on 2020-06-01 16:50:22 CEST.

Flavor Version Tinstall Tcheck Ttotal Status Flags
r-devel-linux-x86_64-debian-clang 0.4.0 8.59 102.14 110.73 OK
r-devel-linux-x86_64-debian-gcc 0.4.0 7.45 76.25 83.70 OK
r-devel-linux-x86_64-fedora-clang 0.4.0 142.45 NOTE
r-devel-linux-x86_64-fedora-gcc 0.4.0 128.82 NOTE
r-devel-windows-ix86+x86_64 0.4.0 26.00 161.00 187.00 OK
r-patched-linux-x86_64 0.4.0 7.97 100.80 108.77 OK
r-patched-solaris-x86 0.4.0 176.40 NOTE
r-release-linux-x86_64 0.4.0 8.70 99.82 108.52 OK
r-release-osx-x86_64 0.4.0 NOTE
r-release-windows-ix86+x86_64 0.4.0 20.00 158.00 178.00 OK
r-oldrel-osx-x86_64 0.4.0 NOTE
r-oldrel-windows-ix86+x86_64 0.4.0 18.00 118.00 136.00 OK

Check Details

Version: 0.4.0
Check: dependencies in R code
Result: NOTE
    Namespace in Imports field not imported from: ‘plotly’
     All declared Imports should be used.
Flavors: r-devel-linux-x86_64-fedora-clang, r-devel-linux-x86_64-fedora-gcc, r-patched-solaris-x86, r-release-osx-x86_64, r-oldrel-osx-x86_64