CRAN Package Check Results for Package ggdistribute

Last updated on 2020-01-26 07:52:15 CET.

Flavor Version Tinstall Tcheck Ttotal Status Flags
r-devel-linux-x86_64-debian-clang 1.0.3 7.46 156.77 164.23 OK
r-devel-linux-x86_64-debian-gcc 1.0.3 6.80 249.99 256.79 OK
r-devel-linux-x86_64-fedora-clang 1.0.3 159.43 NOTE
r-devel-linux-x86_64-fedora-gcc 1.0.3 184.04 NOTE
r-devel-windows-ix86+x86_64 1.0.3 19.00 150.00 169.00 OK
r-devel-windows-ix86+x86_64-gcc8 1.0.3 29.00 109.00 138.00 OK
r-patched-linux-x86_64 1.0.3 6.25 165.47 171.72 OK
r-patched-solaris-x86 1.0.3 147.70 NOTE
r-release-linux-x86_64 1.0.3 6.07 165.85 171.92 OK
r-release-windows-ix86+x86_64 1.0.3 14.00 92.00 106.00 OK
r-release-osx-x86_64 1.0.3 NOTE
r-oldrel-windows-ix86+x86_64 1.0.3 9.00 95.00 104.00 OK
r-oldrel-osx-x86_64 1.0.3 NOTE

Check Details

Version: 1.0.3
Check: dependencies in R code
Result: NOTE
    Namespace in Imports field not imported from: ‘dplyr’
     All declared Imports should be used.
Flavors: r-devel-linux-x86_64-fedora-clang, r-devel-linux-x86_64-fedora-gcc, r-patched-solaris-x86, r-release-osx-x86_64, r-oldrel-osx-x86_64