CRAN Package Check Results for Package ggdmc

Last updated on 2020-01-19 07:56:18 CET.

Flavor Version Tinstall Tcheck Ttotal Status Flags
r-devel-linux-x86_64-debian-clang 0.2.6.0 127.98 60.51 188.49 OK
r-devel-linux-x86_64-debian-gcc 0.2.6.0 90.19 46.55 136.74 OK
r-devel-linux-x86_64-fedora-clang 0.2.6.0 253.73 NOTE
r-devel-linux-x86_64-fedora-gcc 0.2.6.0 244.97 OK
r-devel-windows-ix86+x86_64 0.2.6.0 312.00 103.00 415.00 OK
r-devel-windows-ix86+x86_64-gcc8 0.2.6.0 265.00 139.00 404.00 OK
r-patched-linux-x86_64 0.2.6.0 95.46 53.73 149.19 OK
r-patched-solaris-x86 0.2.6.0 210.40 OK
r-release-linux-x86_64 0.2.6.0 101.14 54.03 155.17 OK
r-release-windows-ix86+x86_64 0.2.6.0 325.00 140.00 465.00 OK
r-release-osx-x86_64 0.2.6.0 NOTE
r-oldrel-windows-ix86+x86_64 0.2.6.0 295.00 89.00 384.00 OK
r-oldrel-osx-x86_64 0.2.6.0 OK

Check Details

Version: 0.2.6.0
Check: installed package size
Result: NOTE
     installed size is 6.0Mb
     sub-directories of 1Mb or more:
     libs 5.6Mb
Flavors: r-devel-linux-x86_64-fedora-clang, r-release-osx-x86_64