CRAN Package Check Results for Package gge

Last updated on 2020-01-19 07:56:18 CET.

Flavor Version Tinstall Tcheck Ttotal Status Flags
r-devel-linux-x86_64-debian-clang 1.4 3.19 41.33 44.52 OK
r-devel-linux-x86_64-debian-gcc 1.4 3.10 32.28 35.38 OK
r-devel-linux-x86_64-fedora-clang 1.4 55.55 OK
r-devel-linux-x86_64-fedora-gcc 1.4 54.67 OK
r-devel-windows-ix86+x86_64 1.4 19.00 76.00 95.00 OK
r-devel-windows-ix86+x86_64-gcc8 1.4 11.00 71.00 82.00 OK
r-patched-linux-x86_64 1.4 2.53 38.69 41.22 OK
r-patched-solaris-x86 1.4 65.20 OK
r-release-linux-x86_64 1.4 3.18 38.02 41.20 OK
r-release-windows-ix86+x86_64 1.4 11.00 72.00 83.00 OK
r-release-osx-x86_64 1.4 ERROR
r-oldrel-windows-ix86+x86_64 1.4 6.00 48.00 54.00 OK
r-oldrel-osx-x86_64 1.4 OK

Check Details

Version: 1.4
Check: tests
Result: ERROR
     Running ‘testthat.R’ [3s/5s]
    Running the tests in ‘tests/testthat.R’ failed.
    Last 13 lines of output:
     Switching to 'nipals' method.
     Missing values detected: (3%)
     Missing values detected: (3%)
     Switching to 'nipals' method.
     Missing values detected: (3%)
     Switching to 'nipals' method.
     ── 1. Failure: rgl works (@test_gge.R#162) ────────────────────────────────────
     `{ ... }` produced warnings.
    
     ══ testthat results ═══════════════════════════════════════════════════════════
     OK: 14 SKIPPED: 0 FAILED: 1
     1. Failure: rgl works (@test_gge.R#162)
    
     Error: testthat unit tests failed
     Execution halted
Flavor: r-release-osx-x86_64