Last updated on 2019-12-10 07:49:59 CET.
Flavor | Version | Tinstall | Tcheck | Ttotal | Status | Flags |
---|---|---|---|---|---|---|
r-devel-linux-x86_64-debian-clang | 3.0.0 | 11.50 | 66.20 | 77.70 | OK | |
r-devel-linux-x86_64-debian-gcc | 3.0.0 | 9.60 | 52.38 | 61.98 | OK | |
r-devel-linux-x86_64-fedora-clang | 3.0.0 | 93.47 | OK | |||
r-devel-linux-x86_64-fedora-gcc | 3.0.0 | 95.38 | OK | |||
r-devel-windows-ix86+x86_64 | 3.0.0 | 19.00 | 96.00 | 115.00 | OK | |
r-devel-windows-ix86+x86_64-gcc8 | 3.0.0 | 24.00 | 80.00 | 104.00 | OK | |
r-patched-linux-x86_64 | 3.0.0 | 9.97 | 58.27 | 68.24 | OK | |
r-patched-solaris-x86 | 3.0.0 | 122.40 | NOTE | |||
r-release-linux-x86_64 | 3.0.0 | 10.89 | 58.67 | 69.56 | OK | |
r-release-windows-ix86+x86_64 | 3.0.0 | 17.00 | 69.00 | 86.00 | OK | |
r-release-osx-x86_64 | 3.0.0 | OK | ||||
r-oldrel-windows-ix86+x86_64 | 3.0.0 | 11.00 | 74.00 | 85.00 | OK | |
r-oldrel-osx-x86_64 | 3.0.0 | OK |
Version: 3.0.0
Check: installed package size
Result: NOTE
installed size is 5.1Mb
sub-directories of 1Mb or more:
data 4.5Mb
Flavor: r-patched-solaris-x86