CRAN Package Check Results for Package ggplotAssist

Last updated on 2020-01-22 07:57:05 CET.

Flavor Version Tinstall Tcheck Ttotal Status Flags
r-devel-linux-x86_64-debian-clang 0.1.3 6.92 54.58 61.50 OK
r-devel-linux-x86_64-debian-gcc 0.1.3 5.99 41.81 47.80 OK
r-devel-linux-x86_64-fedora-clang 0.1.3 75.07 NOTE
r-devel-linux-x86_64-fedora-gcc 0.1.3 72.69 NOTE
r-devel-windows-ix86+x86_64 0.1.3 41.00 107.00 148.00 OK
r-devel-windows-ix86+x86_64-gcc8 0.1.3 32.00 76.00 108.00 OK
r-patched-linux-x86_64 0.1.3 7.02 49.31 56.33 OK
r-patched-solaris-x86 0.1.3 103.20 NOTE
r-release-linux-x86_64 0.1.3 5.87 48.76 54.63 OK
r-release-windows-ix86+x86_64 0.1.3 13.00 65.00 78.00 OK
r-release-osx-x86_64 0.1.3 NOTE
r-oldrel-windows-ix86+x86_64 0.1.3 9.00 65.00 74.00 OK
r-oldrel-osx-x86_64 0.1.3 NOTE

Check Details

Version: 0.1.3
Check: dependencies in R code
Result: NOTE
    Namespaces in Imports field not imported from:
     ‘gcookbook’ ‘ggthemes’ ‘moonBook’ ‘tidyverse’
     All declared Imports should be used.
Flavors: r-devel-linux-x86_64-fedora-clang, r-devel-linux-x86_64-fedora-gcc, r-patched-solaris-x86, r-release-osx-x86_64, r-oldrel-osx-x86_64