CRAN Package Check Results for Package ggthemes

Last updated on 2019-12-05 15:48:59 CET.

Flavor Version Tinstall Tcheck Ttotal Status Flags
r-devel-linux-x86_64-debian-clang 4.2.0 7.80 95.52 103.32 OK
r-devel-linux-x86_64-debian-gcc 4.2.0 5.79 70.90 76.69 OK
r-devel-linux-x86_64-fedora-clang 4.2.0 112.20 NOTE
r-devel-linux-x86_64-fedora-gcc 4.2.0 111.67 NOTE
r-devel-windows-ix86+x86_64 4.2.0 19.00 158.00 177.00 OK
r-devel-windows-ix86+x86_64-gcc8 4.2.0 17.00 114.00 131.00 OK
r-patched-linux-x86_64 4.2.0 7.89 83.88 91.77 OK
r-patched-solaris-x86 4.2.0 152.80 NOTE
r-release-linux-x86_64 4.2.0 6.80 85.41 92.21 OK
r-release-windows-ix86+x86_64 4.2.0 16.00 108.00 124.00 OK
r-release-osx-x86_64 4.2.0 NOTE
r-oldrel-windows-ix86+x86_64 4.2.0 10.00 147.00 157.00 OK
r-oldrel-osx-x86_64 4.2.0 NOTE

Check Details

Version: 4.2.0
Check: data for non-ASCII characters
Result: NOTE
     Note: found 138 marked UTF-8 strings
Flavors: r-devel-linux-x86_64-fedora-clang, r-devel-linux-x86_64-fedora-gcc, r-patched-solaris-x86, r-release-osx-x86_64, r-oldrel-osx-x86_64