CRAN Package Check Results for Package graphlayouts

Last updated on 2020-01-18 07:59:48 CET.

Flavor Version Tinstall Tcheck Ttotal Status Flags
r-devel-linux-x86_64-debian-clang 0.5.0 50.81 33.34 84.15 OK
r-devel-linux-x86_64-debian-gcc 0.5.0 36.30 26.09 62.39 OK
r-devel-linux-x86_64-fedora-clang 0.5.0 114.92 NOTE
r-devel-linux-x86_64-fedora-gcc 0.5.0 104.77 OK
r-devel-windows-ix86+x86_64 0.5.0 120.00 100.00 220.00 OK
r-devel-windows-ix86+x86_64-gcc8 0.5.0 90.00 102.00 192.00 OK
r-patched-linux-x86_64 0.5.0 44.34 30.07 74.41 OK
r-patched-solaris-x86 0.5.0 110.40 OK
r-release-linux-x86_64 0.5.0 40.60 30.00 70.60 OK
r-release-windows-ix86+x86_64 0.5.0 126.00 97.00 223.00 OK
r-release-osx-x86_64 0.5.0 NOTE
r-oldrel-windows-ix86+x86_64 0.5.0 104.00 63.00 167.00 OK
r-oldrel-osx-x86_64 0.5.0 NOTE

Check Details

Version: 0.5.0
Check: installed package size
Result: NOTE
     installed size is 5.4Mb
     sub-directories of 1Mb or more:
     help 2.4Mb
     libs 2.8Mb
Flavors: r-devel-linux-x86_64-fedora-clang, r-release-osx-x86_64, r-oldrel-osx-x86_64