CRAN Package Check Results for Package gwfa

Last updated on 2020-01-27 07:55:00 CET.

Flavor Version Tinstall Tcheck Ttotal Status Flags
r-devel-linux-x86_64-debian-clang 0.0.4 20.30 36.48 56.78 OK
r-devel-linux-x86_64-debian-gcc 0.0.4 16.10 28.45 44.55 OK
r-devel-linux-x86_64-fedora-clang 0.0.4 75.44 NOTE
r-devel-linux-x86_64-fedora-gcc 0.0.4 75.85 NOTE
r-devel-windows-ix86+x86_64 0.0.4 57.00 108.00 165.00 OK
r-devel-windows-ix86+x86_64-gcc8 0.0.4 56.00 78.00 134.00 OK
r-patched-linux-x86_64 0.0.4 17.40 32.68 50.08 OK
r-patched-solaris-x86 0.0.4 87.40 OK
r-release-linux-x86_64 0.0.4 17.15 32.85 50.00 OK
r-release-windows-ix86+x86_64 0.0.4 39.00 72.00 111.00 OK
r-release-osx-x86_64 0.0.4 OK
r-oldrel-windows-ix86+x86_64 0.0.4 32.00 68.00 100.00 OK
r-oldrel-osx-x86_64 0.0.4 OK

Check Details

Version: 0.0.4
Check: compiled code
Result: NOTE
    File ‘gwfa/libs/gwfa.so’:
     Found no calls to: ‘R_registerRoutines’, ‘R_useDynamicSymbols’
    
    It is good practice to register native routines and to disable symbol
    search.
    
    See ‘Writing portable packages’ in the ‘Writing R Extensions’ manual.
Flavors: r-devel-linux-x86_64-fedora-clang, r-devel-linux-x86_64-fedora-gcc