CRAN Package Check Results for Package hdme

Last updated on 2020-01-18 07:59:49 CET.

Flavor Version Tinstall Tcheck Ttotal Status Flags
r-devel-linux-x86_64-debian-clang 0.3.2 28.86 208.93 237.79 OK
r-devel-linux-x86_64-debian-gcc 0.3.2 19.21 151.21 170.42 OK
r-devel-linux-x86_64-fedora-clang 0.3.2 296.46 NOTE
r-devel-linux-x86_64-fedora-gcc 0.3.2 273.65 OK
r-devel-windows-ix86+x86_64 0.3.2 82.00 432.00 514.00 OK
r-devel-windows-ix86+x86_64-gcc8 0.3.2 66.00 439.00 505.00 OK
r-patched-linux-x86_64 0.3.2 21.01 183.71 204.72 OK
r-patched-solaris-x86 0.3.2 375.60 OK
r-release-linux-x86_64 0.3.2 22.50 183.50 206.00 OK
r-release-windows-ix86+x86_64 0.3.2 79.00 394.00 473.00 OK
r-release-osx-x86_64 0.3.2 OK
r-oldrel-windows-ix86+x86_64 0.3.2 73.00 5.00 78.00 ERROR
r-oldrel-osx-x86_64 0.3.2 ERROR

Check Details

Version: 0.3.2
Check: package dependencies
Result: NOTE
    Suggests orphaned package: ‘flare’
Flavor: r-devel-linux-x86_64-fedora-clang

Version: 0.3.2
Check: package dependencies
Result: ERROR
    Package required and available but unsuitable version: 'glmnet'
    
    See section 'The DESCRIPTION file' in the 'Writing R Extensions'
    manual.
Flavors: r-oldrel-windows-ix86+x86_64, r-oldrel-osx-x86_64