CRAN Package Check Results for Package helsinki

Last updated on 2020-01-22 07:57:05 CET.

Flavor Version Tinstall Tcheck Ttotal Status Flags
r-devel-linux-x86_64-debian-clang 0.9.29 4.41 44.68 49.09 OK
r-devel-linux-x86_64-debian-gcc 0.9.29 3.26 35.98 39.24 OK
r-devel-linux-x86_64-fedora-clang 0.9.29 59.25 NOTE
r-devel-linux-x86_64-fedora-gcc 0.9.29 63.08 NOTE
r-devel-windows-ix86+x86_64 0.9.29 25.00 120.00 145.00 OK
r-devel-windows-ix86+x86_64-gcc8 0.9.29 20.00 88.00 108.00 OK
r-patched-linux-x86_64 0.9.29 3.53 41.22 44.75 OK
r-patched-solaris-x86 0.9.29 92.50 NOTE
r-release-linux-x86_64 0.9.29 3.79 41.17 44.96 OK
r-release-windows-ix86+x86_64 0.9.29 18.00 110.00 128.00 OK
r-release-osx-x86_64 0.9.29 NOTE
r-oldrel-windows-ix86+x86_64 0.9.29 7.00 80.00 87.00 OK
r-oldrel-osx-x86_64 0.9.29 NOTE

Check Details

Version: 0.9.29
Check: data for non-ASCII characters
Result: NOTE
     Note: found 37185 marked UTF-8 strings
Flavors: r-devel-linux-x86_64-fedora-clang, r-devel-linux-x86_64-fedora-gcc, r-patched-solaris-x86, r-release-osx-x86_64, r-oldrel-osx-x86_64