CRAN Package Check Results for Package heplots

Last updated on 2020-01-18 07:59:49 CET.

Flavor Version Tinstall Tcheck Ttotal Status Flags
r-devel-linux-x86_64-debian-clang 1.3-5 8.95 116.38 125.33 NOTE
r-devel-linux-x86_64-debian-gcc 1.3-5 7.14 85.88 93.02 NOTE
r-devel-linux-x86_64-fedora-clang 1.3-5 160.18 NOTE
r-devel-linux-x86_64-fedora-gcc 1.3-5 144.89 NOTE
r-devel-windows-ix86+x86_64 1.3-5 36.00 209.00 245.00 OK
r-devel-windows-ix86+x86_64-gcc8 1.3-5 24.00 211.00 235.00 NOTE
r-patched-linux-x86_64 1.3-5 6.16 105.32 111.48 NOTE
r-patched-solaris-x86 1.3-5 179.10 NOTE
r-release-linux-x86_64 1.3-5 7.45 105.05 112.50 NOTE
r-release-windows-ix86+x86_64 1.3-5 22.00 192.00 214.00 OK
r-release-osx-x86_64 1.3-5 NOTE
r-oldrel-windows-ix86+x86_64 1.3-5 18.00 190.00 208.00 OK
r-oldrel-osx-x86_64 1.3-5 OK

Check Details

Version: 1.3-5
Check: package dependencies
Result: NOTE
    Package suggested but not available for checking: 'FRB'
Flavors: r-devel-linux-x86_64-debian-clang, r-devel-linux-x86_64-debian-gcc, r-devel-linux-x86_64-fedora-gcc, r-devel-windows-ix86+x86_64-gcc8, r-patched-linux-x86_64, r-patched-solaris-x86, r-release-linux-x86_64

Version: 1.3-5
Check: package dependencies
Result: NOTE
    Package suggested but not available for checking: ‘FRB’
    
    Suggests orphaned package: ‘gplots’
Flavor: r-devel-linux-x86_64-fedora-clang

Version: 1.3-5
Check: package dependencies
Result: NOTE
    Packages suggested but not available for checking: 'rgl', 'FRB'
Flavor: r-release-osx-x86_64