CRAN Package Check Results for Package hilldiv

Last updated on 2020-01-22 07:57:06 CET.

Flavor Version Tinstall Tcheck Ttotal Status Flags
r-devel-linux-x86_64-debian-clang 1.5.1 14.56 150.07 164.63 OK
r-devel-linux-x86_64-debian-gcc 1.5.1 11.91 109.48 121.39 OK
r-devel-linux-x86_64-fedora-clang 1.5.1 196.11 WARN
r-devel-linux-x86_64-fedora-gcc 1.5.1 189.83 OK
r-devel-windows-ix86+x86_64 1.5.1 71.00 161.00 232.00 OK
r-devel-windows-ix86+x86_64-gcc8 1.5.1 75.00 165.00 240.00 OK
r-patched-linux-x86_64 1.5.1 13.38 132.26 145.64 OK
r-patched-solaris-x86 1.5.1 266.70 OK
r-release-linux-x86_64 1.5.1 12.04 131.74 143.78 OK
r-release-windows-ix86+x86_64 1.5.1 35.00 220.00 255.00 OK
r-release-osx-x86_64 1.5.1 OK
r-oldrel-windows-ix86+x86_64 1.5.1 20.00 140.00 160.00 OK
r-oldrel-osx-x86_64 1.5.1 OK

Check Details

Version: 1.5.1
Check: package dependencies
Result: WARN
    Requires orphaned package: ‘geiger’
Flavor: r-devel-linux-x86_64-fedora-clang