CRAN Package Check Results for Package hsstan

Last updated on 2020-01-16 17:48:11 CET.

Flavor Version Tinstall Tcheck Ttotal Status Flags
r-devel-linux-x86_64-debian-clang 0.6 380.58 129.00 509.58 OK
r-devel-linux-x86_64-debian-gcc 0.6 378.61 104.32 482.93 OK
r-devel-linux-x86_64-fedora-clang 0.6 766.57 NOTE
r-devel-linux-x86_64-fedora-gcc 0.6 868.75 OK
r-devel-windows-ix86+x86_64 0.6 907.00 429.00 1336.00 NOTE
r-devel-windows-ix86+x86_64-gcc8 0.6 679.00 520.00 1199.00 NOTE
r-patched-linux-x86_64 0.6 388.09 121.61 509.70 OK
r-patched-solaris-x86 0.6 657.80 OK
r-release-linux-x86_64 0.6 374.04 121.38 495.42 OK
r-release-windows-ix86+x86_64 0.6 179.00 7.00 186.00 ERROR
r-release-osx-x86_64 0.6 NOTE
r-oldrel-osx-x86_64 0.6 ERROR

Check Details

Version: 0.6
Check: installed package size
Result: NOTE
     installed size is 62.1Mb
     sub-directories of 1Mb or more:
     libs 61.6Mb
Flavors: r-devel-linux-x86_64-fedora-clang, r-devel-windows-ix86+x86_64, r-devel-windows-ix86+x86_64-gcc8, r-release-osx-x86_64

Version: 0.6
Check: whether package can be installed
Result: ERROR
    Installation failed.
Flavors: r-release-windows-ix86+x86_64, r-oldrel-osx-x86_64