CRAN Package Check Results for Package htmltidy

Last updated on 2020-02-18 23:48:33 CET.

Flavor Version Tinstall Tcheck Ttotal Status Flags
r-devel-linux-x86_64-debian-clang 0.5.0 53.00 36.60 89.60 OK
r-devel-linux-x86_64-debian-gcc 0.5.0 33.63 29.43 63.06 OK
r-devel-linux-x86_64-fedora-clang 0.5.0 117.31 OK
r-devel-linux-x86_64-fedora-gcc 0.5.0 106.09 OK
r-devel-windows-ix86+x86_64 0.5.0 102.00 77.00 179.00 OK
r-devel-windows-ix86+x86_64-gcc8 0.5.0 163.00 109.00 272.00 NOTE
r-patched-linux-x86_64 0.5.0 38.20 31.67 69.87 OK
r-patched-solaris-x86 0.5.0 110.90 OK
r-release-linux-x86_64 0.5.0 35.09 31.62 66.71 OK
r-release-windows-ix86+x86_64 0.5.0 121.00 69.00 190.00 OK
r-release-osx-x86_64 0.5.0 OK
r-oldrel-windows-ix86+x86_64 0.5.0 99.00 69.00 168.00 OK
r-oldrel-osx-x86_64 0.5.0 OK

Check Details

Version: 0.5.0
Check: installed package size
Result: NOTE
     installed size is 5.1Mb
     sub-directories of 1Mb or more:
     htmlwidgets 1.8Mb
     libs 3.1Mb
Flavor: r-devel-windows-ix86+x86_64-gcc8