CRAN Package Check Results for Package htmltools

Last updated on 2020-01-24 07:55:55 CET.

Flavor Version Tinstall Tcheck Ttotal Status Flags
r-devel-linux-x86_64-debian-clang 0.4.0 19.23 34.29 53.52 OK
r-devel-linux-x86_64-debian-gcc 0.4.0 12.75 27.34 40.09 OK
r-devel-linux-x86_64-fedora-clang 0.4.0 70.34 OK
r-devel-linux-x86_64-fedora-gcc 0.4.0 66.67 OK
r-devel-windows-ix86+x86_64 0.4.0 2.00 8.00 10.00 ERROR
r-devel-windows-ix86+x86_64-gcc8 0.4.0 60.00 85.00 145.00 OK
r-patched-linux-x86_64 0.4.0 15.15 30.95 46.10 OK
r-patched-solaris-x86 0.4.0 77.10 OK
r-release-linux-x86_64 0.4.0 15.86 31.38 47.24 OK
r-release-windows-ix86+x86_64 0.4.0 2.00 7.00 9.00 ERROR
r-release-osx-x86_64 0.4.0 OK
r-oldrel-windows-ix86+x86_64 0.4.0 32.00 66.00 98.00 OK
r-oldrel-osx-x86_64 0.4.0 OK

Check Details

Version: 0.4.0
Check: whether package can be installed
Result: ERROR
    Installation failed.
Flavors: r-devel-windows-ix86+x86_64, r-release-windows-ix86+x86_64