CRAN Package Check Results for Package iCARH

Last updated on 2020-01-27 07:55:01 CET.

Flavor Version Tinstall Tcheck Ttotal Status Flags
r-devel-linux-x86_64-debian-clang 2.0.1.1 7.95 296.05 304.00 OK
r-devel-linux-x86_64-debian-gcc 2.0.1.1 6.24 222.50 228.74 OK
r-devel-linux-x86_64-fedora-clang 2.0.1.1 322.77 OK
r-devel-linux-x86_64-fedora-gcc 2.0.1.1 345.86 OK
r-devel-windows-ix86+x86_64 2.0.1.1 29.00 316.00 345.00 OK
r-devel-windows-ix86+x86_64-gcc8 2.0.1.1 26.00 315.00 341.00 OK
r-patched-linux-x86_64 2.0.1.1 7.50 262.64 270.14 OK
r-patched-solaris-x86 2.0.1.1 169.80 WARN
r-release-linux-x86_64 2.0.1.1 6.22 263.11 269.33 OK
r-release-windows-ix86+x86_64 2.0.1.1 14.00 232.00 246.00 OK
r-release-osx-x86_64 2.0.1.1 WARN
r-oldrel-windows-ix86+x86_64 2.0.1.1 7.00 215.00 222.00 OK
r-oldrel-osx-x86_64 2.0.1.1 WARN

Check Details

Version: 2.0.1.1
Check: re-building of vignette outputs
Result: WARN
    Error(s) in re-building vignettes:
     ...
    --- re-building ‘example.Rmd’ using rmarkdown
    Warning in engine$weave(file, quiet = quiet, encoding = enc) :
     Pandoc (>= 1.12.3) and/or pandoc-citeproc not available. Falling back to R Markdown v1.
    Quitting from lines 62-70 (example.Rmd)
    Quitting from lines 62-70 (example.Rmd)
    Error: processing vignette 'example.Rmd' failed with diagnostics:
    invalid connection
    --- failed re-building ‘example.Rmd’
    
    SUMMARY: processing the following file failed:
     ‘example.Rmd’
    
    Error: Vignette re-building failed.
    Execution halted
Flavor: r-patched-solaris-x86

Version: 2.0.1.1
Check: re-building of vignette outputs
Result: WARN
    Error(s) in re-building vignettes:
     ...
    --- re-building ‘example.Rmd’ using rmarkdown
    Warning in engine$weave(file, quiet = quiet, encoding = enc) :
     Pandoc (>= 1.12.3) and/or pandoc-citeproc not available. Falling back to R Markdown v1.
    Quitting from lines 84-88 (example.Rmd)
    Error: processing vignette 'example.Rmd' failed with diagnostics:
    argument of length 0
    --- failed re-building ‘example.Rmd’
    
    SUMMARY: processing the following file failed:
     ‘example.Rmd’
    
    Error: Vignette re-building failed.
    Execution halted
Flavor: r-release-osx-x86_64

Version: 2.0.1.1
Check: re-building of vignette outputs
Result: WARN
    Error in re-building vignettes:
     ...
    Warning in engine$weave(file, quiet = quiet, encoding = enc) :
     Pandoc (>= 1.12.3) and/or pandoc-citeproc not available. Falling back to R Markdown v1.
    Quitting from lines 84-88 (example.Rmd)
    Error: processing vignette 'example.Rmd' failed with diagnostics:
    argument of length 0
    Execution halted
Flavor: r-oldrel-osx-x86_64