CRAN Package Check Results for Package ideq

Last updated on 2020-01-18 07:59:49 CET.

Flavor Version Tinstall Tcheck Ttotal Status Flags
r-devel-linux-x86_64-debian-clang 0.1.4 110.25 39.68 149.93 OK
r-devel-linux-x86_64-debian-gcc 0.1.4 81.29 31.95 113.24 OK
r-devel-linux-x86_64-fedora-clang 0.1.4 215.43 NOTE
r-devel-linux-x86_64-fedora-gcc 0.1.4 204.18 OK
r-devel-windows-ix86+x86_64 0.1.4 215.00 88.00 303.00 OK
r-devel-windows-ix86+x86_64-gcc8 0.1.4 224.00 122.00 346.00 OK
r-patched-linux-x86_64 0.1.4 87.51 38.31 125.82 OK
r-patched-solaris-x86 0.1.4 175.60 OK
r-release-linux-x86_64 0.1.4 94.63 37.89 132.52 OK
r-release-windows-ix86+x86_64 0.1.4 270.00 82.00 352.00 OK
r-release-osx-x86_64 0.1.4 NOTE
r-oldrel-windows-ix86+x86_64 0.1.4 244.00 82.00 326.00 OK
r-oldrel-osx-x86_64 0.1.4 NOTE

Check Details

Version: 0.1.4
Check: installed package size
Result: NOTE
     installed size is 6.6Mb
     sub-directories of 1Mb or more:
     libs 6.3Mb
Flavors: r-devel-linux-x86_64-fedora-clang, r-release-osx-x86_64, r-oldrel-osx-x86_64