CRAN Package Check Results for Package igate

Last updated on 2020-01-26 07:52:17 CET.

Flavor Version Tinstall Tcheck Ttotal Status Flags
r-devel-linux-x86_64-debian-clang 0.3.3 6.49 62.89 69.38 OK
r-devel-linux-x86_64-debian-gcc 0.3.3 4.79 49.84 54.63 OK
r-devel-linux-x86_64-fedora-clang 0.3.3 81.36 NOTE
r-devel-linux-x86_64-fedora-gcc 0.3.3 81.29 NOTE
r-devel-windows-ix86+x86_64 0.3.3 17.00 108.00 125.00 OK
r-devel-windows-ix86+x86_64-gcc8 0.3.3 24.00 83.00 107.00 OK
r-patched-linux-x86_64 0.3.3 5.25 55.62 60.87 OK
r-patched-solaris-x86 0.3.3 109.70 NOTE
r-release-linux-x86_64 0.3.3 5.04 54.82 59.86 OK
r-release-windows-ix86+x86_64 0.3.3 11.00 73.00 84.00 OK
r-release-osx-x86_64 0.3.3 NOTE
r-oldrel-windows-ix86+x86_64 0.3.2 8.00 75.00 83.00 OK
r-oldrel-osx-x86_64 0.3.3 ERROR

Check Details

Version: 0.3.3
Check: dependencies in R code
Result: NOTE
    Namespaces in Imports field not imported from:
     ‘kableExtra’ ‘knitr’ ‘xtable’
     All declared Imports should be used.
Flavors: r-devel-linux-x86_64-fedora-clang, r-devel-linux-x86_64-fedora-gcc, r-patched-solaris-x86, r-release-osx-x86_64

Version: 0.3.3
Check: whether package can be installed
Result: ERROR
    Installation failed.
Flavor: r-oldrel-osx-x86_64