CRAN Package Check Results for Package iml

Last updated on 2020-02-24 07:49:59 CET.

Flavor Version Tinstall Tcheck Ttotal Status Flags
r-devel-linux-x86_64-debian-clang 0.9.0 19.19 368.79 387.98 ERROR
r-devel-linux-x86_64-debian-gcc 0.9.0 OK
r-devel-linux-x86_64-fedora-clang 0.9.0 351.02 OK
r-devel-linux-x86_64-fedora-gcc 0.9.0 390.57 OK
r-devel-windows-ix86+x86_64 0.9.0 31.00 240.00 271.00 OK
r-devel-windows-ix86+x86_64-gcc8 0.9.0 48.00 327.00 375.00 OK
r-patched-linux-x86_64 0.9.0 OK
r-patched-solaris-x86 0.9.0 396.70 OK
r-release-linux-x86_64 0.9.0 15.19 353.89 369.08 OK
r-release-windows-ix86+x86_64 0.9.0 31.00 234.00 265.00 OK
r-release-osx-x86_64 0.9.0 OK
r-oldrel-windows-ix86+x86_64 0.9.0 23.00 237.00 260.00 WARN
r-oldrel-osx-x86_64 0.9.0 OK

Check Details

Version: 0.9.0
Check: tests
Result: ERROR
     Running 'testthat.R' [96s/66s]
    Running the tests in 'tests/testthat.R' failed.
    Complete output:
     > library(testthat)
     > library(checkmate)
     > library(iml)
     >
     > test_check("iml")
     -- 1. Failure: probs.to.labels (@test-utils.R#20) -----------------------------
     probs.to.labels(probs) not equal to `labels`.
     Component "..class": 'current' is not a factor
    
     == testthat results ===========================================================
     [ OK: 510 | SKIPPED: 0 | WARNINGS: 48 | FAILED: 1 ]
     1. Failure: probs.to.labels (@test-utils.R#20)
    
     Error: testthat unit tests failed
     Execution halted
Flavor: r-devel-linux-x86_64-debian-clang

Version: 0.9.0
Check: whether package can be installed
Result: WARN
    Found the following significant warnings:
     Warning: S3 methods '[.fun_list', '[.grouped_df', 'all.equal.tbl_df', 'anti_join.data.frame', 'anti_join.tbl_df', 'arrange.data.frame', 'arrange.default', 'arrange.grouped_df', 'arrange.tbl_df', 'arrange_.data.frame', 'arrange_.tbl_df', 'as.data.frame.grouped_df', 'as.data.frame.rowwise_df', 'as.data.frame.tbl_cube', 'as.table.tbl_cube', 'as.tbl.data.frame', 'as.tbl.tbl', 'as.tbl_cube.array', 'as.tbl_cube.data.frame', 'as.tbl_cube.matrix', 'as.tbl_cube.table', 'as_tibble.grouped_df', 'as_tibble.tbl_cube', 'auto_copy.tbl_cube', 'auto_copy.tbl_df', 'cbind.grouped_df', 'collapse.data.frame', 'collect.data.frame', 'common_by.NULL', 'common_by.character', 'common_by.default', 'common_by.list', 'compute.data.frame', 'copy_to.DBIConnection', 'copy_to.src_local', 'default_missing.data.frame', 'default_missing.default', 'dim.tbl_cube', 'distinct.data.frame', 'distinct.default', 'distinct.grouped_df', 'distinct.tbl_df', 'distinct_.data.frame', 'distinct_.grouped_df', 'distinct_.tbl_df', 'do.NULL', 'do.da [... truncated]
Flavor: r-oldrel-windows-ix86+x86_64