CRAN Package Check Results for Package intsurv

Last updated on 2020-01-26 07:52:17 CET.

Flavor Version Tinstall Tcheck Ttotal Status Flags
r-devel-linux-x86_64-debian-clang 0.2.1 202.83 45.31 248.14 OK
r-devel-linux-x86_64-debian-gcc 0.2.1 152.03 35.19 187.22 OK
r-devel-linux-x86_64-fedora-clang 0.2.1 345.54 NOTE
r-devel-linux-x86_64-fedora-gcc 0.2.1 336.99 OK
r-devel-windows-ix86+x86_64 0.2.1 435.00 142.00 577.00 OK
r-devel-windows-ix86+x86_64-gcc8 0.2.1 471.00 131.00 602.00 OK
r-patched-linux-x86_64 0.2.1 159.88 40.97 200.85 OK
r-patched-solaris-x86 0.2.1 268.90 OK
r-release-linux-x86_64 0.2.1 151.86 40.34 192.20 OK
r-release-windows-ix86+x86_64 0.2.1 307.00 98.00 405.00 OK
r-release-osx-x86_64 0.2.1 NOTE
r-oldrel-windows-ix86+x86_64 0.2.1 306.00 94.00 400.00 OK
r-oldrel-osx-x86_64 0.2.1 NOTE

Check Details

Version: 0.2.1
Check: installed package size
Result: NOTE
     installed size is 15.3Mb
     sub-directories of 1Mb or more:
     libs 14.6Mb
Flavors: r-devel-linux-x86_64-fedora-clang, r-release-osx-x86_64, r-oldrel-osx-x86_64