CRAN Package Check Results for Package ipeadatar

Last updated on 2020-01-22 07:57:06 CET.

Flavor Version Tinstall Tcheck Ttotal Status Flags
r-devel-linux-x86_64-debian-clang 0.1.0 2.32 20.95 23.27 OK
r-devel-linux-x86_64-debian-gcc 0.1.0 1.84 16.97 18.81 OK
r-devel-linux-x86_64-fedora-clang 0.1.0 29.25 NOTE
r-devel-linux-x86_64-fedora-gcc 0.1.0 28.37 NOTE
r-devel-windows-ix86+x86_64 0.1.0 9.00 50.00 59.00 OK
r-devel-windows-ix86+x86_64-gcc8 0.1.0 12.00 37.00 49.00 OK
r-patched-linux-x86_64 0.1.0 1.28 19.26 20.54 OK
r-patched-solaris-x86 0.1.0 41.50 NOTE
r-release-linux-x86_64 0.1.0 1.84 19.26 21.10 OK
r-release-windows-ix86+x86_64 0.1.0 5.00 36.00 41.00 OK
r-release-osx-x86_64 0.1.0 NOTE
r-oldrel-windows-ix86+x86_64 0.1.0 3.00 36.00 39.00 OK
r-oldrel-osx-x86_64 0.1.0 NOTE

Check Details

Version: 0.1.0
Check: dependencies in R code
Result: NOTE
    Namespace in Imports field not imported from: ‘curl’
     All declared Imports should be used.
Flavors: r-devel-linux-x86_64-fedora-clang, r-devel-linux-x86_64-fedora-gcc, r-patched-solaris-x86, r-release-osx-x86_64, r-oldrel-osx-x86_64